{"id":6563,"date":"2010-10-08T16:29:21","date_gmt":"2010-10-08T16:29:21","guid":{"rendered":"https:\/\/www.spaceworkers.pt\/?post_type=projects&#038;p=6563"},"modified":"2025-09-11T15:51:31","modified_gmt":"2025-09-11T15:51:31","slug":"fernanda-ribeiro-pavilion","status":"publish","type":"projects","link":"https:\/\/www.spaceworkers.pt\/en\/projects\/fernanda-ribeiro-pavilion\/","title":{"rendered":"Fernanda Ribeiro Pavilion"},"featured_media":6564,"template":"","class_list":["post-6563","projects","type-projects","status-publish","has-post-thumbnail","hentry","type-in-progress","type-refurbishment"],"yoast_head":"<!-- This site is optimized with the Yoast SEO plugin v27.3 - https:\/\/yoast.com\/product\/yoast-seo-wordpress\/ -->\n<title>Fernanda Ribeiro Pavilion - spaceworkers<\/title>\n<meta name=\"description\" content=\"Spaceworkers: Renova\u00e7\u00e3o do Pavilh\u00e3o Fernanda Ribeiro em Penafiel, Portugal, adaptado para as necessidades atuais de desporto e eventos.\" \/>\n<meta name=\"robots\" content=\"index, follow, max-snippet:-1, max-image-preview:large, max-video-preview:-1\" \/>\n<link rel=\"canonical\" href=\"https:\/\/www.spaceworkers.pt\/pt\/projects\/fernanda-ribeiro-pavilion\/\" \/>\n<meta property=\"og:locale\" content=\"en_US\" \/>\n<meta property=\"og:type\" content=\"article\" \/>\n<meta property=\"og:title\" content=\"[:pt]Pavilh\u00e3o Fernanda Ribeiro[:en]Fernanda Ribeiro Pavilion[:] - spaceworkers\" \/>\n<meta property=\"og:description\" content=\"Spaceworkers: Renova\u00e7\u00e3o do Pavilh\u00e3o Fernanda Ribeiro em Penafiel, Portugal, adaptado para as necessidades atuais de desporto e eventos.\" \/>\n<meta property=\"og:url\" content=\"https:\/\/www.spaceworkers.pt\/pt\/projects\/fernanda-ribeiro-pavilion\/\" \/>\n<meta property=\"og:site_name\" content=\"spaceworkers\" \/>\n<meta property=\"article:modified_time\" content=\"2025-09-11T15:51:31+00:00\" \/>\n<meta property=\"og:image\" content=\"https:\/\/www.spaceworkers.pt\/wp-content\/uploads\/2024\/10\/002-2-e1728404768358.jpg\" \/>\n\t<meta property=\"og:image:width\" content=\"2500\" \/>\n\t<meta property=\"og:image:height\" content=\"1408\" \/>\n\t<meta property=\"og:image:type\" content=\"image\/jpeg\" \/>\n<meta name=\"twitter:card\" content=\"summary_large_image\" \/>\n<meta name=\"twitter:label1\" content=\"Est. reading time\" \/>\n\t<meta name=\"twitter:data1\" content=\"1 minute\" \/>\n<script type=\"application\/ld+json\" class=\"yoast-schema-graph\">{\"@context\":\"https:\\\/\\\/schema.org\",\"@graph\":[{\"@type\":\"WebPage\",\"@id\":\"https:\\\/\\\/www.spaceworkers.pt\\\/pt\\\/projects\\\/fernanda-ribeiro-pavilion\\\/\",\"url\":\"https:\\\/\\\/www.spaceworkers.pt\\\/pt\\\/projects\\\/fernanda-ribeiro-pavilion\\\/\",\"name\":\"[:pt]Pavilh\u00e3o Fernanda Ribeiro[:en]Fernanda Ribeiro Pavilion[:] - spaceworkers\",\"isPartOf\":{\"@id\":\"https:\\\/\\\/www.spaceworkers.pt\\\/en\\\/#website\"},\"primaryImageOfPage\":{\"@id\":\"https:\\\/\\\/www.spaceworkers.pt\\\/pt\\\/projects\\\/fernanda-ribeiro-pavilion\\\/#primaryimage\"},\"image\":{\"@id\":\"https:\\\/\\\/www.spaceworkers.pt\\\/pt\\\/projects\\\/fernanda-ribeiro-pavilion\\\/#primaryimage\"},\"thumbnailUrl\":\"https:\\\/\\\/www.spaceworkers.pt\\\/wp-content\\\/uploads\\\/2024\\\/10\\\/002-2-e1728404768358.jpg\",\"datePublished\":\"2010-10-08T16:29:21+00:00\",\"dateModified\":\"2025-09-11T15:51:31+00:00\",\"description\":\"Spaceworkers: Renova\u00e7\u00e3o do Pavilh\u00e3o Fernanda Ribeiro em Penafiel, Portugal, adaptado para as necessidades atuais de desporto e eventos.\",\"breadcrumb\":{\"@id\":\"https:\\\/\\\/www.spaceworkers.pt\\\/pt\\\/projects\\\/fernanda-ribeiro-pavilion\\\/#breadcrumb\"},\"inLanguage\":\"en-US\",\"potentialAction\":[{\"@type\":\"ReadAction\",\"target\":[\"https:\\\/\\\/www.spaceworkers.pt\\\/pt\\\/projects\\\/fernanda-ribeiro-pavilion\\\/\"]}]},{\"@type\":\"ImageObject\",\"inLanguage\":\"en-US\",\"@id\":\"https:\\\/\\\/www.spaceworkers.pt\\\/pt\\\/projects\\\/fernanda-ribeiro-pavilion\\\/#primaryimage\",\"url\":\"https:\\\/\\\/www.spaceworkers.pt\\\/wp-content\\\/uploads\\\/2024\\\/10\\\/002-2-e1728404768358.jpg\",\"contentUrl\":\"https:\\\/\\\/www.spaceworkers.pt\\\/wp-content\\\/uploads\\\/2024\\\/10\\\/002-2-e1728404768358.jpg\",\"width\":2500,\"height\":1408,\"caption\":\"spaceworkers - Pavilh\u00e3o Fernanda Ribeiro Exterior\"},{\"@type\":\"BreadcrumbList\",\"@id\":\"https:\\\/\\\/www.spaceworkers.pt\\\/pt\\\/projects\\\/fernanda-ribeiro-pavilion\\\/#breadcrumb\",\"itemListElement\":[{\"@type\":\"ListItem\",\"position\":1,\"name\":\"Home\",\"item\":\"https:\\\/\\\/www.spaceworkers.pt\\\/en\\\/\"},{\"@type\":\"ListItem\",\"position\":2,\"name\":\"Projects\",\"item\":\"https:\\\/\\\/www.spaceworkers.pt\\\/pt\\\/projects\\\/\"},{\"@type\":\"ListItem\",\"position\":3,\"name\":\"Pavilh\u00e3o Fernanda Ribeiro\"}]},{\"@type\":\"WebSite\",\"@id\":\"https:\\\/\\\/www.spaceworkers.pt\\\/en\\\/#website\",\"url\":\"https:\\\/\\\/www.spaceworkers.pt\\\/en\\\/\",\"name\":\"spaceworkers\",\"description\":\"spaceworkers\u00ae is an architecture and design studio located in Paredes in northern Portugal, founded by the current creative directors Henrique Marques and Rui Dinis and by its financial director Carla Duarte.\",\"potentialAction\":[{\"@type\":\"SearchAction\",\"target\":{\"@type\":\"EntryPoint\",\"urlTemplate\":\"https:\\\/\\\/www.spaceworkers.pt\\\/en\\\/?s={search_term_string}\"},\"query-input\":{\"@type\":\"PropertyValueSpecification\",\"valueRequired\":true,\"valueName\":\"search_term_string\"}}],\"inLanguage\":\"en-US\"}]}<\/script>\n<!-- \/ Yoast SEO plugin. -->","yoast_head_json":{"title":"[:pt]Pavilh\u00e3o Fernanda Ribeiro[:en]Fernanda Ribeiro Pavilion[:] - spaceworkers","description":"Spaceworkers: Renova\u00e7\u00e3o do Pavilh\u00e3o Fernanda Ribeiro em Penafiel, Portugal, adaptado para as necessidades atuais de desporto e eventos.","robots":{"index":"index","follow":"follow","max-snippet":"max-snippet:-1","max-image-preview":"max-image-preview:large","max-video-preview":"max-video-preview:-1"},"canonical":"https:\/\/www.spaceworkers.pt\/pt\/projects\/fernanda-ribeiro-pavilion\/","og_locale":"en_US","og_type":"article","og_title":"[:pt]Pavilh\u00e3o Fernanda Ribeiro[:en]Fernanda Ribeiro Pavilion[:] - spaceworkers","og_description":"Spaceworkers: Renova\u00e7\u00e3o do Pavilh\u00e3o Fernanda Ribeiro em Penafiel, Portugal, adaptado para as necessidades atuais de desporto e eventos.","og_url":"https:\/\/www.spaceworkers.pt\/pt\/projects\/fernanda-ribeiro-pavilion\/","og_site_name":"spaceworkers","article_modified_time":"2025-09-11T15:51:31+00:00","og_image":[{"width":2500,"height":1408,"url":"https:\/\/www.spaceworkers.pt\/wp-content\/uploads\/2024\/10\/002-2-e1728404768358.jpg","type":"image\/jpeg"}],"twitter_card":"summary_large_image","twitter_misc":{"Est. reading time":"1 minute"},"schema":{"@context":"https:\/\/schema.org","@graph":[{"@type":"WebPage","@id":"https:\/\/www.spaceworkers.pt\/pt\/projects\/fernanda-ribeiro-pavilion\/","url":"https:\/\/www.spaceworkers.pt\/pt\/projects\/fernanda-ribeiro-pavilion\/","name":"[:pt]Pavilh\u00e3o Fernanda Ribeiro[:en]Fernanda Ribeiro Pavilion[:] - spaceworkers","isPartOf":{"@id":"https:\/\/www.spaceworkers.pt\/en\/#website"},"primaryImageOfPage":{"@id":"https:\/\/www.spaceworkers.pt\/pt\/projects\/fernanda-ribeiro-pavilion\/#primaryimage"},"image":{"@id":"https:\/\/www.spaceworkers.pt\/pt\/projects\/fernanda-ribeiro-pavilion\/#primaryimage"},"thumbnailUrl":"https:\/\/www.spaceworkers.pt\/wp-content\/uploads\/2024\/10\/002-2-e1728404768358.jpg","datePublished":"2010-10-08T16:29:21+00:00","dateModified":"2025-09-11T15:51:31+00:00","description":"Spaceworkers: Renova\u00e7\u00e3o do Pavilh\u00e3o Fernanda Ribeiro em Penafiel, Portugal, adaptado para as necessidades atuais de desporto e eventos.","breadcrumb":{"@id":"https:\/\/www.spaceworkers.pt\/pt\/projects\/fernanda-ribeiro-pavilion\/#breadcrumb"},"inLanguage":"en-US","potentialAction":[{"@type":"ReadAction","target":["https:\/\/www.spaceworkers.pt\/pt\/projects\/fernanda-ribeiro-pavilion\/"]}]},{"@type":"ImageObject","inLanguage":"en-US","@id":"https:\/\/www.spaceworkers.pt\/pt\/projects\/fernanda-ribeiro-pavilion\/#primaryimage","url":"https:\/\/www.spaceworkers.pt\/wp-content\/uploads\/2024\/10\/002-2-e1728404768358.jpg","contentUrl":"https:\/\/www.spaceworkers.pt\/wp-content\/uploads\/2024\/10\/002-2-e1728404768358.jpg","width":2500,"height":1408,"caption":"spaceworkers - Pavilh\u00e3o Fernanda Ribeiro Exterior"},{"@type":"BreadcrumbList","@id":"https:\/\/www.spaceworkers.pt\/pt\/projects\/fernanda-ribeiro-pavilion\/#breadcrumb","itemListElement":[{"@type":"ListItem","position":1,"name":"Home","item":"https:\/\/www.spaceworkers.pt\/en\/"},{"@type":"ListItem","position":2,"name":"Projects","item":"https:\/\/www.spaceworkers.pt\/pt\/projects\/"},{"@type":"ListItem","position":3,"name":"Pavilh\u00e3o Fernanda Ribeiro"}]},{"@type":"WebSite","@id":"https:\/\/www.spaceworkers.pt\/en\/#website","url":"https:\/\/www.spaceworkers.pt\/en\/","name":"spaceworkers","description":"spaceworkers\u00ae is an architecture and design studio located in Paredes in northern Portugal, founded by the current creative directors Henrique Marques and Rui Dinis and by its financial director Carla Duarte.","potentialAction":[{"@type":"SearchAction","target":{"@type":"EntryPoint","urlTemplate":"https:\/\/www.spaceworkers.pt\/en\/?s={search_term_string}"},"query-input":{"@type":"PropertyValueSpecification","valueRequired":true,"valueName":"search_term_string"}}],"inLanguage":"en-US"}]}},"year":"23","code":"PFR","image":"https:\/\/www.spaceworkers.pt\/wp-content\/uploads\/2024\/10\/002-2-e1728404768358.jpg","_links":{"self":[{"href":"https:\/\/www.spaceworkers.pt\/en\/wp-json\/wp\/v2\/projects\/6563","targetHints":{"allow":["GET"]}}],"collection":[{"href":"https:\/\/www.spaceworkers.pt\/en\/wp-json\/wp\/v2\/projects"}],"about":[{"href":"https:\/\/www.spaceworkers.pt\/en\/wp-json\/wp\/v2\/types\/projects"}],"wp:featuredmedia":[{"embeddable":true,"href":"https:\/\/www.spaceworkers.pt\/en\/wp-json\/wp\/v2\/media\/6564"}],"wp:attachment":[{"href":"https:\/\/www.spaceworkers.pt\/en\/wp-json\/wp\/v2\/media?parent=6563"}],"curies":[{"name":"wp","href":"https:\/\/api.w.org\/{rel}","templated":true}]}}

<!-- This site is optimized with the Yoast SEO plugin v27.3 - https://yoast.com/product/yoast-seo-wordpress/ -->
<title>Fernanda Ribeiro Pavilion - spaceworkers</title>
<meta name="description" content="Spaceworkers: Renovação do Pavilhão Fernanda Ribeiro em Penafiel, Portugal, adaptado para as necessidades atuais de desporto e eventos." />
<meta name="robots" content="index, follow, max-snippet:-1, max-image-preview:large, max-video-preview:-1" />
<link rel="canonical" href="https://www.spaceworkers.pt/pt/projects/fernanda-ribeiro-pavilion/" />
<meta property="og:locale" content="en_US" />
<meta property="og:type" content="article" />
<meta property="og:title" content="[:pt]Pavilhão Fernanda Ribeiro[:en]Fernanda Ribeiro Pavilion[:] - spaceworkers" />
<meta property="og:description" content="Spaceworkers: Renovação do Pavilhão Fernanda Ribeiro em Penafiel, Portugal, adaptado para as necessidades atuais de desporto e eventos." />
<meta property="og:url" content="https://www.spaceworkers.pt/pt/projects/fernanda-ribeiro-pavilion/" />
<meta property="og:site_name" content="spaceworkers" />
<meta property="article:modified_time" content="2025-09-11T15:51:31+00:00" />
<meta property="og:image" content="https://www.spaceworkers.pt/wp-content/uploads/2024/10/002-2-e1728404768358.jpg" />
	<meta property="og:image:width" content="2500" />
	<meta property="og:image:height" content="1408" />
	<meta property="og:image:type" content="image/jpeg" />
<meta name="twitter:card" content="summary_large_image" />
<meta name="twitter:label1" content="Est. reading time" />
	<meta name="twitter:data1" content="1 minute" />
<script type="application/ld+json" class="yoast-schema-graph">{"@context":"https:\/\/schema.org","@graph":[{"@type":"WebPage","@id":"https:\/\/www.spaceworkers.pt\/pt\/projects\/fernanda-ribeiro-pavilion\/","url":"https:\/\/www.spaceworkers.pt\/pt\/projects\/fernanda-ribeiro-pavilion\/","name":"[:pt]Pavilhão Fernanda Ribeiro[:en]Fernanda Ribeiro Pavilion[:] - spaceworkers","isPartOf":{"@id":"https:\/\/www.spaceworkers.pt\/en\/#website"},"primaryImageOfPage":{"@id":"https:\/\/www.spaceworkers.pt\/pt\/projects\/fernanda-ribeiro-pavilion\/#primaryimage"},"image":{"@id":"https:\/\/www.spaceworkers.pt\/pt\/projects\/fernanda-ribeiro-pavilion\/#primaryimage"},"thumbnailUrl":"https:\/\/www.spaceworkers.pt\/wp-content\/uploads\/2024\/10\/002-2-e1728404768358.jpg","datePublished":"2010-10-08T16:29:21+00:00","dateModified":"2025-09-11T15:51:31+00:00","description":"Spaceworkers: Renovação do Pavilhão Fernanda Ribeiro em Penafiel, Portugal, adaptado para as necessidades atuais de desporto e eventos.","breadcrumb":{"@id":"https:\/\/www.spaceworkers.pt\/pt\/projects\/fernanda-ribeiro-pavilion\/#breadcrumb"},"inLanguage":"en-US","potentialAction":[{"@type":"ReadAction","target":["https:\/\/www.spaceworkers.pt\/pt\/projects\/fernanda-ribeiro-pavilion\/"]}]},{"@type":"ImageObject","inLanguage":"en-US","@id":"https:\/\/www.spaceworkers.pt\/pt\/projects\/fernanda-ribeiro-pavilion\/#primaryimage","url":"https:\/\/www.spaceworkers.pt\/wp-content\/uploads\/2024\/10\/002-2-e1728404768358.jpg","contentUrl":"https:\/\/www.spaceworkers.pt\/wp-content\/uploads\/2024\/10\/002-2-e1728404768358.jpg","width":2500,"height":1408,"caption":"spaceworkers - Pavilhão Fernanda Ribeiro Exterior"},{"@type":"BreadcrumbList","@id":"https:\/\/www.spaceworkers.pt\/pt\/projects\/fernanda-ribeiro-pavilion\/#breadcrumb","itemListElement":[{"@type":"ListItem","position":1,"name":"Home","item":"https:\/\/www.spaceworkers.pt\/en\/"},{"@type":"ListItem","position":2,"name":"Projects","item":"https:\/\/www.spaceworkers.pt\/pt\/projects\/"},{"@type":"ListItem","position":3,"name":"Pavilhão Fernanda Ribeiro"}]},{"@type":"WebSite","@id":"https:\/\/www.spaceworkers.pt\/en\/#website","url":"https:\/\/www.spaceworkers.pt\/en\/","name":"spaceworkers","description":"spaceworkers® is an architecture and design studio located in Paredes in northern Portugal, founded by the current creative directors Henrique Marques and Rui Dinis and by its financial director Carla Duarte.","potentialAction":[{"@type":"SearchAction","target":{"@type":"EntryPoint","urlTemplate":"https:\/\/www.spaceworkers.pt\/en\/?s={search_term_string}"},"query-input":{"@type":"PropertyValueSpecification","valueRequired":true,"valueName":"search_term_string"}}],"inLanguage":"en-US"}]}</script>
<!-- / Yoast SEO plugin. -->

[:pt]Pavilhão Fernanda Ribeiro[:en]Fernanda Ribeiro Pavilion[:] - spaceworkers

Spaceworkers: Renovação do Pavilhão Fernanda Ribeiro em Penafiel, Portugal, adaptado para as necessidades atuais de desporto e eventos.

spaceworkers - Pavilhão Fernanda Ribeiro Exterior

Pavilhão Fernanda Ribeiro
