{"id":1816,"date":"1011-03-30T17:45:53","date_gmt":"1011-03-30T17:45:53","guid":{"rendered":"http:\/\/www.spaceworkers.pt\/?post_type=projects&#038;p=1816"},"modified":"2025-01-28T10:15:17","modified_gmt":"2025-01-28T10:15:17","slug":"auditorio-municipal-de-paredes","status":"publish","type":"projects","link":"https:\/\/www.spaceworkers.pt\/en\/projects\/auditorio-municipal-de-paredes\/","title":{"rendered":"Municipal Auditorium of Paredes"},"featured_media":1825,"template":"","class_list":["post-1816","projects","type-projects","status-publish","has-post-thumbnail","hentry","type-unbuild","type-public"],"yoast_head":"<!-- This site is optimized with the Yoast SEO plugin v27.3 - https:\/\/yoast.com\/product\/yoast-seo-wordpress\/ -->\n<title>Municipal Auditorium of Paredes - spaceworkers<\/title>\n<meta name=\"description\" content=\"O Audit\u00f3rio Municipal de Paredes aspira a ser o reflexo do car\u00e1ter explorat\u00f3rio da cidade, atrav\u00e9s de um contexto estimulante e enigm\u00e1tico.\" \/>\n<meta name=\"robots\" content=\"index, follow, max-snippet:-1, max-image-preview:large, max-video-preview:-1\" \/>\n<link rel=\"canonical\" href=\"https:\/\/www.spaceworkers.pt\/pt\/projects\/auditorio-municipal-de-paredes\/\" \/>\n<meta property=\"og:locale\" content=\"en_US\" \/>\n<meta property=\"og:type\" content=\"article\" \/>\n<meta property=\"og:title\" content=\"[:pt]Audit\u00f3rio Municipal de Paredes[:en]Municipal Auditorium of Paredes[:] - spaceworkers\" \/>\n<meta property=\"og:description\" content=\"O Audit\u00f3rio Municipal de Paredes aspira a ser o reflexo do car\u00e1ter explorat\u00f3rio da cidade, atrav\u00e9s de um contexto estimulante e enigm\u00e1tico.\" \/>\n<meta property=\"og:url\" content=\"https:\/\/www.spaceworkers.pt\/pt\/projects\/auditorio-municipal-de-paredes\/\" \/>\n<meta property=\"og:site_name\" content=\"spaceworkers\" \/>\n<meta property=\"article:modified_time\" content=\"2025-01-28T10:15:17+00:00\" \/>\n<meta property=\"og:image\" content=\"https:\/\/www.spaceworkers.pt\/wp-content\/uploads\/1011\/03\/top.jpg\" \/>\n\t<meta property=\"og:image:width\" content=\"547\" \/>\n\t<meta property=\"og:image:height\" content=\"570\" \/>\n\t<meta property=\"og:image:type\" content=\"image\/jpeg\" \/>\n<meta name=\"twitter:card\" content=\"summary_large_image\" \/>\n<meta name=\"twitter:label1\" content=\"Est. reading time\" \/>\n\t<meta name=\"twitter:data1\" content=\"1 minute\" \/>\n<script type=\"application\/ld+json\" class=\"yoast-schema-graph\">{\"@context\":\"https:\\\/\\\/schema.org\",\"@graph\":[{\"@type\":\"WebPage\",\"@id\":\"https:\\\/\\\/www.spaceworkers.pt\\\/pt\\\/projects\\\/auditorio-municipal-de-paredes\\\/\",\"url\":\"https:\\\/\\\/www.spaceworkers.pt\\\/pt\\\/projects\\\/auditorio-municipal-de-paredes\\\/\",\"name\":\"[:pt]Audit\u00f3rio Municipal de Paredes[:en]Municipal Auditorium of Paredes[:] - spaceworkers\",\"isPartOf\":{\"@id\":\"https:\\\/\\\/www.spaceworkers.pt\\\/en\\\/#website\"},\"primaryImageOfPage\":{\"@id\":\"https:\\\/\\\/www.spaceworkers.pt\\\/pt\\\/projects\\\/auditorio-municipal-de-paredes\\\/#primaryimage\"},\"image\":{\"@id\":\"https:\\\/\\\/www.spaceworkers.pt\\\/pt\\\/projects\\\/auditorio-municipal-de-paredes\\\/#primaryimage\"},\"thumbnailUrl\":\"https:\\\/\\\/www.spaceworkers.pt\\\/wp-content\\\/uploads\\\/1011\\\/03\\\/top.jpg\",\"datePublished\":\"1011-03-30T17:45:53+00:00\",\"dateModified\":\"2025-01-28T10:15:17+00:00\",\"description\":\"O Audit\u00f3rio Municipal de Paredes aspira a ser o reflexo do car\u00e1ter explorat\u00f3rio da cidade, atrav\u00e9s de um contexto estimulante e enigm\u00e1tico.\",\"breadcrumb\":{\"@id\":\"https:\\\/\\\/www.spaceworkers.pt\\\/pt\\\/projects\\\/auditorio-municipal-de-paredes\\\/#breadcrumb\"},\"inLanguage\":\"en-US\",\"potentialAction\":[{\"@type\":\"ReadAction\",\"target\":[\"https:\\\/\\\/www.spaceworkers.pt\\\/pt\\\/projects\\\/auditorio-municipal-de-paredes\\\/\"]}]},{\"@type\":\"ImageObject\",\"inLanguage\":\"en-US\",\"@id\":\"https:\\\/\\\/www.spaceworkers.pt\\\/pt\\\/projects\\\/auditorio-municipal-de-paredes\\\/#primaryimage\",\"url\":\"https:\\\/\\\/www.spaceworkers.pt\\\/wp-content\\\/uploads\\\/1011\\\/03\\\/top.jpg\",\"contentUrl\":\"https:\\\/\\\/www.spaceworkers.pt\\\/wp-content\\\/uploads\\\/1011\\\/03\\\/top.jpg\",\"width\":547,\"height\":570,\"caption\":\"Spaceworkers - Audit\u00f3rio Municipal de Paredes - exterior\"},{\"@type\":\"BreadcrumbList\",\"@id\":\"https:\\\/\\\/www.spaceworkers.pt\\\/pt\\\/projects\\\/auditorio-municipal-de-paredes\\\/#breadcrumb\",\"itemListElement\":[{\"@type\":\"ListItem\",\"position\":1,\"name\":\"Home\",\"item\":\"https:\\\/\\\/www.spaceworkers.pt\\\/en\\\/\"},{\"@type\":\"ListItem\",\"position\":2,\"name\":\"Projects\",\"item\":\"https:\\\/\\\/www.spaceworkers.pt\\\/pt\\\/projects\\\/\"},{\"@type\":\"ListItem\",\"position\":3,\"name\":\"Audit\u00f3rio Municipal de Paredes\"}]},{\"@type\":\"WebSite\",\"@id\":\"https:\\\/\\\/www.spaceworkers.pt\\\/en\\\/#website\",\"url\":\"https:\\\/\\\/www.spaceworkers.pt\\\/en\\\/\",\"name\":\"spaceworkers\",\"description\":\"spaceworkers\u00ae is an architecture and design studio located in Paredes in northern Portugal, founded by the current creative directors Henrique Marques and Rui Dinis and by its financial director Carla Duarte.\",\"potentialAction\":[{\"@type\":\"SearchAction\",\"target\":{\"@type\":\"EntryPoint\",\"urlTemplate\":\"https:\\\/\\\/www.spaceworkers.pt\\\/en\\\/?s={search_term_string}\"},\"query-input\":{\"@type\":\"PropertyValueSpecification\",\"valueRequired\":true,\"valueName\":\"search_term_string\"}}],\"inLanguage\":\"en-US\"}]}<\/script>\n<!-- \/ Yoast SEO plugin. -->","yoast_head_json":{"title":"[:pt]Audit\u00f3rio Municipal de Paredes[:en]Municipal Auditorium of Paredes[:] - spaceworkers","description":"O Audit\u00f3rio Municipal de Paredes aspira a ser o reflexo do car\u00e1ter explorat\u00f3rio da cidade, atrav\u00e9s de um contexto estimulante e enigm\u00e1tico.","robots":{"index":"index","follow":"follow","max-snippet":"max-snippet:-1","max-image-preview":"max-image-preview:large","max-video-preview":"max-video-preview:-1"},"canonical":"https:\/\/www.spaceworkers.pt\/pt\/projects\/auditorio-municipal-de-paredes\/","og_locale":"en_US","og_type":"article","og_title":"[:pt]Audit\u00f3rio Municipal de Paredes[:en]Municipal Auditorium of Paredes[:] - spaceworkers","og_description":"O Audit\u00f3rio Municipal de Paredes aspira a ser o reflexo do car\u00e1ter explorat\u00f3rio da cidade, atrav\u00e9s de um contexto estimulante e enigm\u00e1tico.","og_url":"https:\/\/www.spaceworkers.pt\/pt\/projects\/auditorio-municipal-de-paredes\/","og_site_name":"spaceworkers","article_modified_time":"2025-01-28T10:15:17+00:00","og_image":[{"width":547,"height":570,"url":"https:\/\/www.spaceworkers.pt\/wp-content\/uploads\/1011\/03\/top.jpg","type":"image\/jpeg"}],"twitter_card":"summary_large_image","twitter_misc":{"Est. reading time":"1 minute"},"schema":{"@context":"https:\/\/schema.org","@graph":[{"@type":"WebPage","@id":"https:\/\/www.spaceworkers.pt\/pt\/projects\/auditorio-municipal-de-paredes\/","url":"https:\/\/www.spaceworkers.pt\/pt\/projects\/auditorio-municipal-de-paredes\/","name":"[:pt]Audit\u00f3rio Municipal de Paredes[:en]Municipal Auditorium of Paredes[:] - spaceworkers","isPartOf":{"@id":"https:\/\/www.spaceworkers.pt\/en\/#website"},"primaryImageOfPage":{"@id":"https:\/\/www.spaceworkers.pt\/pt\/projects\/auditorio-municipal-de-paredes\/#primaryimage"},"image":{"@id":"https:\/\/www.spaceworkers.pt\/pt\/projects\/auditorio-municipal-de-paredes\/#primaryimage"},"thumbnailUrl":"https:\/\/www.spaceworkers.pt\/wp-content\/uploads\/1011\/03\/top.jpg","datePublished":"1011-03-30T17:45:53+00:00","dateModified":"2025-01-28T10:15:17+00:00","description":"O Audit\u00f3rio Municipal de Paredes aspira a ser o reflexo do car\u00e1ter explorat\u00f3rio da cidade, atrav\u00e9s de um contexto estimulante e enigm\u00e1tico.","breadcrumb":{"@id":"https:\/\/www.spaceworkers.pt\/pt\/projects\/auditorio-municipal-de-paredes\/#breadcrumb"},"inLanguage":"en-US","potentialAction":[{"@type":"ReadAction","target":["https:\/\/www.spaceworkers.pt\/pt\/projects\/auditorio-municipal-de-paredes\/"]}]},{"@type":"ImageObject","inLanguage":"en-US","@id":"https:\/\/www.spaceworkers.pt\/pt\/projects\/auditorio-municipal-de-paredes\/#primaryimage","url":"https:\/\/www.spaceworkers.pt\/wp-content\/uploads\/1011\/03\/top.jpg","contentUrl":"https:\/\/www.spaceworkers.pt\/wp-content\/uploads\/1011\/03\/top.jpg","width":547,"height":570,"caption":"Spaceworkers - Audit\u00f3rio Municipal de Paredes - exterior"},{"@type":"BreadcrumbList","@id":"https:\/\/www.spaceworkers.pt\/pt\/projects\/auditorio-municipal-de-paredes\/#breadcrumb","itemListElement":[{"@type":"ListItem","position":1,"name":"Home","item":"https:\/\/www.spaceworkers.pt\/en\/"},{"@type":"ListItem","position":2,"name":"Projects","item":"https:\/\/www.spaceworkers.pt\/pt\/projects\/"},{"@type":"ListItem","position":3,"name":"Audit\u00f3rio Municipal de Paredes"}]},{"@type":"WebSite","@id":"https:\/\/www.spaceworkers.pt\/en\/#website","url":"https:\/\/www.spaceworkers.pt\/en\/","name":"spaceworkers","description":"spaceworkers\u00ae is an architecture and design studio located in Paredes in northern Portugal, founded by the current creative directors Henrique Marques and Rui Dinis and by its financial director Carla Duarte.","potentialAction":[{"@type":"SearchAction","target":{"@type":"EntryPoint","urlTemplate":"https:\/\/www.spaceworkers.pt\/en\/?s={search_term_string}"},"query-input":{"@type":"PropertyValueSpecification","valueRequired":true,"valueName":"search_term_string"}}],"inLanguage":"en-US"}]}},"year":"11","code":"AMP","image":"https:\/\/www.spaceworkers.pt\/wp-content\/uploads\/1011\/03\/top.jpg","_links":{"self":[{"href":"https:\/\/www.spaceworkers.pt\/en\/wp-json\/wp\/v2\/projects\/1816","targetHints":{"allow":["GET"]}}],"collection":[{"href":"https:\/\/www.spaceworkers.pt\/en\/wp-json\/wp\/v2\/projects"}],"about":[{"href":"https:\/\/www.spaceworkers.pt\/en\/wp-json\/wp\/v2\/types\/projects"}],"wp:featuredmedia":[{"embeddable":true,"href":"https:\/\/www.spaceworkers.pt\/en\/wp-json\/wp\/v2\/media\/1825"}],"wp:attachment":[{"href":"https:\/\/www.spaceworkers.pt\/en\/wp-json\/wp\/v2\/media?parent=1816"}],"curies":[{"name":"wp","href":"https:\/\/api.w.org\/{rel}","templated":true}]}}

<!-- This site is optimized with the Yoast SEO plugin v27.3 - https://yoast.com/product/yoast-seo-wordpress/ -->
<title>Municipal Auditorium of Paredes - spaceworkers</title>
<meta name="description" content="O Auditório Municipal de Paredes aspira a ser o reflexo do caráter exploratório da cidade, através de um contexto estimulante e enigmático." />
<meta name="robots" content="index, follow, max-snippet:-1, max-image-preview:large, max-video-preview:-1" />
<link rel="canonical" href="https://www.spaceworkers.pt/pt/projects/auditorio-municipal-de-paredes/" />
<meta property="og:locale" content="en_US" />
<meta property="og:type" content="article" />
<meta property="og:title" content="[:pt]Auditório Municipal de Paredes[:en]Municipal Auditorium of Paredes[:] - spaceworkers" />
<meta property="og:description" content="O Auditório Municipal de Paredes aspira a ser o reflexo do caráter exploratório da cidade, através de um contexto estimulante e enigmático." />
<meta property="og:url" content="https://www.spaceworkers.pt/pt/projects/auditorio-municipal-de-paredes/" />
<meta property="og:site_name" content="spaceworkers" />
<meta property="article:modified_time" content="2025-01-28T10:15:17+00:00" />
<meta property="og:image" content="https://www.spaceworkers.pt/wp-content/uploads/1011/03/top.jpg" />
	<meta property="og:image:width" content="547" />
	<meta property="og:image:height" content="570" />
	<meta property="og:image:type" content="image/jpeg" />
<meta name="twitter:card" content="summary_large_image" />
<meta name="twitter:label1" content="Est. reading time" />
	<meta name="twitter:data1" content="1 minute" />
<script type="application/ld+json" class="yoast-schema-graph">{"@context":"https:\/\/schema.org","@graph":[{"@type":"WebPage","@id":"https:\/\/www.spaceworkers.pt\/pt\/projects\/auditorio-municipal-de-paredes\/","url":"https:\/\/www.spaceworkers.pt\/pt\/projects\/auditorio-municipal-de-paredes\/","name":"[:pt]Auditório Municipal de Paredes[:en]Municipal Auditorium of Paredes[:] - spaceworkers","isPartOf":{"@id":"https:\/\/www.spaceworkers.pt\/en\/#website"},"primaryImageOfPage":{"@id":"https:\/\/www.spaceworkers.pt\/pt\/projects\/auditorio-municipal-de-paredes\/#primaryimage"},"image":{"@id":"https:\/\/www.spaceworkers.pt\/pt\/projects\/auditorio-municipal-de-paredes\/#primaryimage"},"thumbnailUrl":"https:\/\/www.spaceworkers.pt\/wp-content\/uploads\/1011\/03\/top.jpg","datePublished":"1011-03-30T17:45:53+00:00","dateModified":"2025-01-28T10:15:17+00:00","description":"O Auditório Municipal de Paredes aspira a ser o reflexo do caráter exploratório da cidade, através de um contexto estimulante e enigmático.","breadcrumb":{"@id":"https:\/\/www.spaceworkers.pt\/pt\/projects\/auditorio-municipal-de-paredes\/#breadcrumb"},"inLanguage":"en-US","potentialAction":[{"@type":"ReadAction","target":["https:\/\/www.spaceworkers.pt\/pt\/projects\/auditorio-municipal-de-paredes\/"]}]},{"@type":"ImageObject","inLanguage":"en-US","@id":"https:\/\/www.spaceworkers.pt\/pt\/projects\/auditorio-municipal-de-paredes\/#primaryimage","url":"https:\/\/www.spaceworkers.pt\/wp-content\/uploads\/1011\/03\/top.jpg","contentUrl":"https:\/\/www.spaceworkers.pt\/wp-content\/uploads\/1011\/03\/top.jpg","width":547,"height":570,"caption":"Spaceworkers - Auditório Municipal de Paredes - exterior"},{"@type":"BreadcrumbList","@id":"https:\/\/www.spaceworkers.pt\/pt\/projects\/auditorio-municipal-de-paredes\/#breadcrumb","itemListElement":[{"@type":"ListItem","position":1,"name":"Home","item":"https:\/\/www.spaceworkers.pt\/en\/"},{"@type":"ListItem","position":2,"name":"Projects","item":"https:\/\/www.spaceworkers.pt\/pt\/projects\/"},{"@type":"ListItem","position":3,"name":"Auditório Municipal de Paredes"}]},{"@type":"WebSite","@id":"https:\/\/www.spaceworkers.pt\/en\/#website","url":"https:\/\/www.spaceworkers.pt\/en\/","name":"spaceworkers","description":"spaceworkers® is an architecture and design studio located in Paredes in northern Portugal, founded by the current creative directors Henrique Marques and Rui Dinis and by its financial director Carla Duarte.","potentialAction":[{"@type":"SearchAction","target":{"@type":"EntryPoint","urlTemplate":"https:\/\/www.spaceworkers.pt\/en\/?s={search_term_string}"},"query-input":{"@type":"PropertyValueSpecification","valueRequired":true,"valueName":"search_term_string"}}],"inLanguage":"en-US"}]}</script>
<!-- / Yoast SEO plugin. -->

[:pt]Auditório Municipal de Paredes[:en]Municipal Auditorium of Paredes[:] - spaceworkers

O Auditório Municipal de Paredes aspira a ser o reflexo do caráter exploratório da cidade, através de um contexto estimulante e enigmático.

Spaceworkers - Auditório Municipal de Paredes - exterior

Auditório Municipal de Paredes
