{"id":7205,"date":"2025-09-03T08:18:56","date_gmt":"2025-09-03T08:18:56","guid":{"rendered":"https:\/\/www.spaceworkers.pt\/?post_type=projects&#038;p=7205"},"modified":"2025-09-24T10:05:51","modified_gmt":"2025-09-24T10:05:51","slug":"residencias-do-carmo","status":"publish","type":"projects","link":"http:\/\/www.spaceworkers.pt\/pt\/projects\/residencias-do-carmo\/","title":{"rendered":"Resid\u00eancias do Carmo"},"featured_media":7215,"template":"","class_list":["post-7205","projects","type-projects","status-publish","has-post-thumbnail","hentry","type-in-progress"],"yoast_head":"<!-- This site is optimized with the Yoast SEO plugin v27.3 - https:\/\/yoast.com\/product\/yoast-seo-wordpress\/ -->\n<title>Resid\u00eancias do Carmo - spaceworkers<\/title>\n<meta name=\"description\" content=\"Edif\u00edcio multifamiliar desenhado pela spaceworkers, adaptado \u00e0 topografia urbana, com tipologias diversas e equil\u00edbrio entre cidade e ref\u00fagio.\" \/>\n<meta name=\"robots\" content=\"index, follow, max-snippet:-1, max-image-preview:large, max-video-preview:-1\" \/>\n<link rel=\"canonical\" href=\"https:\/\/www.spaceworkers.pt\/pt\/projects\/residencias-do-carmo\/\" \/>\n<meta property=\"og:locale\" content=\"pt_PT\" \/>\n<meta property=\"og:type\" content=\"article\" \/>\n<meta property=\"og:title\" content=\"[:pt]Resid\u00eancias do Carmo[:en]Carmo Residences[:] - spaceworkers\" \/>\n<meta property=\"og:description\" content=\"Edif\u00edcio multifamiliar desenhado pela spaceworkers, adaptado \u00e0 topografia urbana, com tipologias diversas e equil\u00edbrio entre cidade e ref\u00fagio.\" \/>\n<meta property=\"og:url\" content=\"https:\/\/www.spaceworkers.pt\/pt\/projects\/residencias-do-carmo\/\" \/>\n<meta property=\"og:site_name\" content=\"spaceworkers\" \/>\n<meta property=\"article:modified_time\" content=\"2025-09-24T10:05:51+00:00\" \/>\n<meta property=\"og:image\" content=\"https:\/\/www.spaceworkers.pt\/wp-content\/uploads\/2025\/09\/C01-topaz-enhance-1.jpg\" \/>\n\t<meta property=\"og:image:width\" content=\"1100\" \/>\n\t<meta property=\"og:image:height\" content=\"1467\" \/>\n\t<meta property=\"og:image:type\" content=\"image\/jpeg\" \/>\n<meta name=\"twitter:card\" content=\"summary_large_image\" \/>\n<meta name=\"twitter:label1\" content=\"Tempo estimado de leitura\" \/>\n\t<meta name=\"twitter:data1\" content=\"1 minuto\" \/>\n<script type=\"application\/ld+json\" class=\"yoast-schema-graph\">{\"@context\":\"https:\\\/\\\/schema.org\",\"@graph\":[{\"@type\":\"WebPage\",\"@id\":\"https:\\\/\\\/www.spaceworkers.pt\\\/pt\\\/projects\\\/residencias-do-carmo\\\/\",\"url\":\"https:\\\/\\\/www.spaceworkers.pt\\\/pt\\\/projects\\\/residencias-do-carmo\\\/\",\"name\":\"[:pt]Resid\u00eancias do Carmo[:en]Carmo Residences[:] - spaceworkers\",\"isPartOf\":{\"@id\":\"https:\\\/\\\/www.spaceworkers.pt\\\/en\\\/#website\"},\"primaryImageOfPage\":{\"@id\":\"https:\\\/\\\/www.spaceworkers.pt\\\/pt\\\/projects\\\/residencias-do-carmo\\\/#primaryimage\"},\"image\":{\"@id\":\"https:\\\/\\\/www.spaceworkers.pt\\\/pt\\\/projects\\\/residencias-do-carmo\\\/#primaryimage\"},\"thumbnailUrl\":\"http:\\\/\\\/www.spaceworkers.pt\\\/wp-content\\\/uploads\\\/2025\\\/09\\\/C01-topaz-enhance-1.jpg\",\"datePublished\":\"2025-09-03T08:18:56+00:00\",\"dateModified\":\"2025-09-24T10:05:51+00:00\",\"description\":\"Edif\u00edcio multifamiliar desenhado pela spaceworkers, adaptado \u00e0 topografia urbana, com tipologias diversas e equil\u00edbrio entre cidade e ref\u00fagio.\",\"breadcrumb\":{\"@id\":\"https:\\\/\\\/www.spaceworkers.pt\\\/pt\\\/projects\\\/residencias-do-carmo\\\/#breadcrumb\"},\"inLanguage\":\"pt-PT\",\"potentialAction\":[{\"@type\":\"ReadAction\",\"target\":[\"https:\\\/\\\/www.spaceworkers.pt\\\/pt\\\/projects\\\/residencias-do-carmo\\\/\"]}]},{\"@type\":\"ImageObject\",\"inLanguage\":\"pt-PT\",\"@id\":\"https:\\\/\\\/www.spaceworkers.pt\\\/pt\\\/projects\\\/residencias-do-carmo\\\/#primaryimage\",\"url\":\"http:\\\/\\\/www.spaceworkers.pt\\\/wp-content\\\/uploads\\\/2025\\\/09\\\/C01-topaz-enhance-1.jpg\",\"contentUrl\":\"http:\\\/\\\/www.spaceworkers.pt\\\/wp-content\\\/uploads\\\/2025\\\/09\\\/C01-topaz-enhance-1.jpg\",\"width\":1100,\"height\":1467},{\"@type\":\"BreadcrumbList\",\"@id\":\"https:\\\/\\\/www.spaceworkers.pt\\\/pt\\\/projects\\\/residencias-do-carmo\\\/#breadcrumb\",\"itemListElement\":[{\"@type\":\"ListItem\",\"position\":1,\"name\":\"Home\",\"item\":\"https:\\\/\\\/www.spaceworkers.pt\\\/en\\\/\"},{\"@type\":\"ListItem\",\"position\":2,\"name\":\"Projects\",\"item\":\"https:\\\/\\\/www.spaceworkers.pt\\\/pt\\\/projects\\\/\"},{\"@type\":\"ListItem\",\"position\":3,\"name\":\"Resid\u00eancias do Carmo\"}]},{\"@type\":\"WebSite\",\"@id\":\"https:\\\/\\\/www.spaceworkers.pt\\\/en\\\/#website\",\"url\":\"https:\\\/\\\/www.spaceworkers.pt\\\/en\\\/\",\"name\":\"spaceworkers\",\"description\":\"Spaceworkers\u00ae \u00e9 um atelier de arquitetura e design localizado em Paredes, no norte de Portugal, fundado pelos actuais directores criativos Henrique Marques e Rui Dinis e pela sua directora financeira Carla Duarte.\",\"potentialAction\":[{\"@type\":\"SearchAction\",\"target\":{\"@type\":\"EntryPoint\",\"urlTemplate\":\"https:\\\/\\\/www.spaceworkers.pt\\\/en\\\/?s={search_term_string}\"},\"query-input\":{\"@type\":\"PropertyValueSpecification\",\"valueRequired\":true,\"valueName\":\"search_term_string\"}}],\"inLanguage\":\"pt-PT\"}]}<\/script>\n<!-- \/ Yoast SEO plugin. -->","yoast_head_json":{"title":"[:pt]Resid\u00eancias do Carmo[:en]Carmo Residences[:] - spaceworkers","description":"Edif\u00edcio multifamiliar desenhado pela spaceworkers, adaptado \u00e0 topografia urbana, com tipologias diversas e equil\u00edbrio entre cidade e ref\u00fagio.","robots":{"index":"index","follow":"follow","max-snippet":"max-snippet:-1","max-image-preview":"max-image-preview:large","max-video-preview":"max-video-preview:-1"},"canonical":"https:\/\/www.spaceworkers.pt\/pt\/projects\/residencias-do-carmo\/","og_locale":"pt_PT","og_type":"article","og_title":"[:pt]Resid\u00eancias do Carmo[:en]Carmo Residences[:] - spaceworkers","og_description":"Edif\u00edcio multifamiliar desenhado pela spaceworkers, adaptado \u00e0 topografia urbana, com tipologias diversas e equil\u00edbrio entre cidade e ref\u00fagio.","og_url":"https:\/\/www.spaceworkers.pt\/pt\/projects\/residencias-do-carmo\/","og_site_name":"spaceworkers","article_modified_time":"2025-09-24T10:05:51+00:00","og_image":[{"width":1100,"height":1467,"url":"https:\/\/www.spaceworkers.pt\/wp-content\/uploads\/2025\/09\/C01-topaz-enhance-1.jpg","type":"image\/jpeg"}],"twitter_card":"summary_large_image","twitter_misc":{"Tempo estimado de leitura":"1 minuto"},"schema":{"@context":"https:\/\/schema.org","@graph":[{"@type":"WebPage","@id":"https:\/\/www.spaceworkers.pt\/pt\/projects\/residencias-do-carmo\/","url":"https:\/\/www.spaceworkers.pt\/pt\/projects\/residencias-do-carmo\/","name":"[:pt]Resid\u00eancias do Carmo[:en]Carmo Residences[:] - spaceworkers","isPartOf":{"@id":"https:\/\/www.spaceworkers.pt\/en\/#website"},"primaryImageOfPage":{"@id":"https:\/\/www.spaceworkers.pt\/pt\/projects\/residencias-do-carmo\/#primaryimage"},"image":{"@id":"https:\/\/www.spaceworkers.pt\/pt\/projects\/residencias-do-carmo\/#primaryimage"},"thumbnailUrl":"http:\/\/www.spaceworkers.pt\/wp-content\/uploads\/2025\/09\/C01-topaz-enhance-1.jpg","datePublished":"2025-09-03T08:18:56+00:00","dateModified":"2025-09-24T10:05:51+00:00","description":"Edif\u00edcio multifamiliar desenhado pela spaceworkers, adaptado \u00e0 topografia urbana, com tipologias diversas e equil\u00edbrio entre cidade e ref\u00fagio.","breadcrumb":{"@id":"https:\/\/www.spaceworkers.pt\/pt\/projects\/residencias-do-carmo\/#breadcrumb"},"inLanguage":"pt-PT","potentialAction":[{"@type":"ReadAction","target":["https:\/\/www.spaceworkers.pt\/pt\/projects\/residencias-do-carmo\/"]}]},{"@type":"ImageObject","inLanguage":"pt-PT","@id":"https:\/\/www.spaceworkers.pt\/pt\/projects\/residencias-do-carmo\/#primaryimage","url":"http:\/\/www.spaceworkers.pt\/wp-content\/uploads\/2025\/09\/C01-topaz-enhance-1.jpg","contentUrl":"http:\/\/www.spaceworkers.pt\/wp-content\/uploads\/2025\/09\/C01-topaz-enhance-1.jpg","width":1100,"height":1467},{"@type":"BreadcrumbList","@id":"https:\/\/www.spaceworkers.pt\/pt\/projects\/residencias-do-carmo\/#breadcrumb","itemListElement":[{"@type":"ListItem","position":1,"name":"Home","item":"https:\/\/www.spaceworkers.pt\/en\/"},{"@type":"ListItem","position":2,"name":"Projects","item":"https:\/\/www.spaceworkers.pt\/pt\/projects\/"},{"@type":"ListItem","position":3,"name":"Resid\u00eancias do Carmo"}]},{"@type":"WebSite","@id":"https:\/\/www.spaceworkers.pt\/en\/#website","url":"https:\/\/www.spaceworkers.pt\/en\/","name":"spaceworkers","description":"Spaceworkers\u00ae \u00e9 um atelier de arquitetura e design localizado em Paredes, no norte de Portugal, fundado pelos actuais directores criativos Henrique Marques e Rui Dinis e pela sua directora financeira Carla Duarte.","potentialAction":[{"@type":"SearchAction","target":{"@type":"EntryPoint","urlTemplate":"https:\/\/www.spaceworkers.pt\/en\/?s={search_term_string}"},"query-input":{"@type":"PropertyValueSpecification","valueRequired":true,"valueName":"search_term_string"}}],"inLanguage":"pt-PT"}]}},"year":"24","code":"RDC","image":"http:\/\/www.spaceworkers.pt\/wp-content\/uploads\/2025\/09\/C01-topaz-enhance-1.jpg","_links":{"self":[{"href":"http:\/\/www.spaceworkers.pt\/pt\/wp-json\/wp\/v2\/projects\/7205","targetHints":{"allow":["GET"]}}],"collection":[{"href":"http:\/\/www.spaceworkers.pt\/pt\/wp-json\/wp\/v2\/projects"}],"about":[{"href":"http:\/\/www.spaceworkers.pt\/pt\/wp-json\/wp\/v2\/types\/projects"}],"wp:featuredmedia":[{"embeddable":true,"href":"http:\/\/www.spaceworkers.pt\/pt\/wp-json\/wp\/v2\/media\/7215"}],"wp:attachment":[{"href":"http:\/\/www.spaceworkers.pt\/pt\/wp-json\/wp\/v2\/media?parent=7205"}],"curies":[{"name":"wp","href":"https:\/\/api.w.org\/{rel}","templated":true}]}}

Residências do Carmo

<!-- This site is optimized with the Yoast SEO plugin v27.3 - https://yoast.com/product/yoast-seo-wordpress/ -->
<title>Residências do Carmo - spaceworkers</title>
<meta name="description" content="Edifício multifamiliar desenhado pela spaceworkers, adaptado à topografia urbana, com tipologias diversas e equilíbrio entre cidade e refúgio." />
<meta name="robots" content="index, follow, max-snippet:-1, max-image-preview:large, max-video-preview:-1" />
<link rel="canonical" href="https://www.spaceworkers.pt/pt/projects/residencias-do-carmo/" />
<meta property="og:locale" content="pt_PT" />
<meta property="og:type" content="article" />
<meta property="og:title" content="[:pt]Residências do Carmo[:en]Carmo Residences[:] - spaceworkers" />
<meta property="og:description" content="Edifício multifamiliar desenhado pela spaceworkers, adaptado à topografia urbana, com tipologias diversas e equilíbrio entre cidade e refúgio." />
<meta property="og:url" content="https://www.spaceworkers.pt/pt/projects/residencias-do-carmo/" />
<meta property="og:site_name" content="spaceworkers" />
<meta property="article:modified_time" content="2025-09-24T10:05:51+00:00" />
<meta property="og:image" content="https://www.spaceworkers.pt/wp-content/uploads/2025/09/C01-topaz-enhance-1.jpg" />
	<meta property="og:image:width" content="1100" />
	<meta property="og:image:height" content="1467" />
	<meta property="og:image:type" content="image/jpeg" />
<meta name="twitter:card" content="summary_large_image" />
<meta name="twitter:label1" content="Tempo estimado de leitura" />
	<meta name="twitter:data1" content="1 minuto" />
<script type="application/ld+json" class="yoast-schema-graph">{"@context":"https:\/\/schema.org","@graph":[{"@type":"WebPage","@id":"https:\/\/www.spaceworkers.pt\/pt\/projects\/residencias-do-carmo\/","url":"https:\/\/www.spaceworkers.pt\/pt\/projects\/residencias-do-carmo\/","name":"[:pt]Residências do Carmo[:en]Carmo Residences[:] - spaceworkers","isPartOf":{"@id":"https:\/\/www.spaceworkers.pt\/en\/#website"},"primaryImageOfPage":{"@id":"https:\/\/www.spaceworkers.pt\/pt\/projects\/residencias-do-carmo\/#primaryimage"},"image":{"@id":"https:\/\/www.spaceworkers.pt\/pt\/projects\/residencias-do-carmo\/#primaryimage"},"thumbnailUrl":"http:\/\/www.spaceworkers.pt\/wp-content\/uploads\/2025\/09\/C01-topaz-enhance-1.jpg","datePublished":"2025-09-03T08:18:56+00:00","dateModified":"2025-09-24T10:05:51+00:00","description":"Edifício multifamiliar desenhado pela spaceworkers, adaptado à topografia urbana, com tipologias diversas e equilíbrio entre cidade e refúgio.","breadcrumb":{"@id":"https:\/\/www.spaceworkers.pt\/pt\/projects\/residencias-do-carmo\/#breadcrumb"},"inLanguage":"pt-PT","potentialAction":[{"@type":"ReadAction","target":["https:\/\/www.spaceworkers.pt\/pt\/projects\/residencias-do-carmo\/"]}]},{"@type":"ImageObject","inLanguage":"pt-PT","@id":"https:\/\/www.spaceworkers.pt\/pt\/projects\/residencias-do-carmo\/#primaryimage","url":"http:\/\/www.spaceworkers.pt\/wp-content\/uploads\/2025\/09\/C01-topaz-enhance-1.jpg","contentUrl":"http:\/\/www.spaceworkers.pt\/wp-content\/uploads\/2025\/09\/C01-topaz-enhance-1.jpg","width":1100,"height":1467},{"@type":"BreadcrumbList","@id":"https:\/\/www.spaceworkers.pt\/pt\/projects\/residencias-do-carmo\/#breadcrumb","itemListElement":[{"@type":"ListItem","position":1,"name":"Home","item":"https:\/\/www.spaceworkers.pt\/en\/"},{"@type":"ListItem","position":2,"name":"Projects","item":"https:\/\/www.spaceworkers.pt\/pt\/projects\/"},{"@type":"ListItem","position":3,"name":"Residências do Carmo"}]},{"@type":"WebSite","@id":"https:\/\/www.spaceworkers.pt\/en\/#website","url":"https:\/\/www.spaceworkers.pt\/en\/","name":"spaceworkers","description":"Spaceworkers® é um atelier de arquitetura e design localizado em Paredes, no norte de Portugal, fundado pelos actuais directores criativos Henrique Marques e Rui Dinis e pela sua directora financeira Carla Duarte.","potentialAction":[{"@type":"SearchAction","target":{"@type":"EntryPoint","urlTemplate":"https:\/\/www.spaceworkers.pt\/en\/?s={search_term_string}"},"query-input":{"@type":"PropertyValueSpecification","valueRequired":true,"valueName":"search_term_string"}}],"inLanguage":"pt-PT"}]}</script>
<!-- / Yoast SEO plugin. -->

[:pt]Residências do Carmo[:en]Carmo Residences[:] - spaceworkers

Edifício multifamiliar desenhado pela spaceworkers, adaptado à topografia urbana, com tipologias diversas e equilíbrio entre cidade e refúgio.

Spaceworkers® é um atelier de arquitetura e design localizado em Paredes, no norte de Portugal, fundado pelos actuais directores criativos Henrique Marques e Rui Dinis e pela sua directora financeira Carla Duarte.
