{"id":643,"date":"2009-12-22T10:07:06","date_gmt":"2009-12-22T10:07:06","guid":{"rendered":"http:\/\/www.spaceworkers.pt\/?post_type=projects&#038;p=643"},"modified":"2025-01-28T09:53:10","modified_gmt":"2025-01-28T09:53:10","slug":"design-factorydesign-factory","status":"publish","type":"projects","link":"http:\/\/www.spaceworkers.pt\/pt\/projects\/design-factorydesign-factory\/","title":{"rendered":"F\u00e1brica do Design"},"featured_media":1934,"template":"","class_list":["post-643","projects","type-projects","status-publish","has-post-thumbnail","hentry","type-unbuild","type-public"],"yoast_head":"<!-- This site is optimized with the Yoast SEO plugin v27.3 - https:\/\/yoast.com\/product\/yoast-seo-wordpress\/ -->\n<title>F\u00e1brica do Design - spaceworkers<\/title>\n<meta name=\"description\" content=\"Conhe\u00e7a o projeto F\u00e1brica do Design, um edif\u00edcio que precisa de dialogar com a cidade e interagir com a sua vida di\u00e1ria.\" \/>\n<meta name=\"robots\" content=\"index, follow, max-snippet:-1, max-image-preview:large, max-video-preview:-1\" \/>\n<link rel=\"canonical\" href=\"https:\/\/www.spaceworkers.pt\/en\/projects\/design-factorydesign-factory\/\" \/>\n<meta property=\"og:locale\" content=\"pt_PT\" \/>\n<meta property=\"og:type\" content=\"article\" \/>\n<meta property=\"og:title\" content=\"[:pt]F\u00e1brica do Design[:en]Design Factory[:] - spaceworkers\" \/>\n<meta property=\"og:description\" content=\"Conhe\u00e7a o projeto F\u00e1brica do Design, um edif\u00edcio que precisa de dialogar com a cidade e interagir com a sua vida di\u00e1ria.\" \/>\n<meta property=\"og:url\" content=\"https:\/\/www.spaceworkers.pt\/en\/projects\/design-factorydesign-factory\/\" \/>\n<meta property=\"og:site_name\" content=\"spaceworkers\" \/>\n<meta property=\"article:modified_time\" content=\"2025-01-28T09:53:10+00:00\" \/>\n<meta property=\"og:image\" content=\"https:\/\/www.spaceworkers.pt\/wp-content\/uploads\/1009\/12\/RENDER-ENTRADA.jpg\" \/>\n\t<meta property=\"og:image:width\" content=\"2560\" \/>\n\t<meta property=\"og:image:height\" content=\"1440\" \/>\n\t<meta property=\"og:image:type\" content=\"image\/jpeg\" \/>\n<meta name=\"twitter:card\" content=\"summary_large_image\" \/>\n<meta name=\"twitter:label1\" content=\"Tempo estimado de leitura\" \/>\n\t<meta name=\"twitter:data1\" content=\"1 minuto\" \/>\n<script type=\"application\/ld+json\" class=\"yoast-schema-graph\">{\"@context\":\"https:\\\/\\\/schema.org\",\"@graph\":[{\"@type\":\"WebPage\",\"@id\":\"https:\\\/\\\/www.spaceworkers.pt\\\/en\\\/projects\\\/design-factorydesign-factory\\\/\",\"url\":\"https:\\\/\\\/www.spaceworkers.pt\\\/en\\\/projects\\\/design-factorydesign-factory\\\/\",\"name\":\"[:pt]F\u00e1brica do Design[:en]Design Factory[:] - spaceworkers\",\"isPartOf\":{\"@id\":\"https:\\\/\\\/www.spaceworkers.pt\\\/en\\\/#website\"},\"primaryImageOfPage\":{\"@id\":\"https:\\\/\\\/www.spaceworkers.pt\\\/en\\\/projects\\\/design-factorydesign-factory\\\/#primaryimage\"},\"image\":{\"@id\":\"https:\\\/\\\/www.spaceworkers.pt\\\/en\\\/projects\\\/design-factorydesign-factory\\\/#primaryimage\"},\"thumbnailUrl\":\"http:\\\/\\\/www.spaceworkers.pt\\\/wp-content\\\/uploads\\\/1009\\\/12\\\/RENDER-ENTRADA.jpg\",\"datePublished\":\"2009-12-22T10:07:06+00:00\",\"dateModified\":\"2025-01-28T09:53:10+00:00\",\"description\":\"Conhe\u00e7a o projeto F\u00e1brica do Design, um edif\u00edcio que precisa de dialogar com a cidade e interagir com a sua vida di\u00e1ria.\",\"breadcrumb\":{\"@id\":\"https:\\\/\\\/www.spaceworkers.pt\\\/en\\\/projects\\\/design-factorydesign-factory\\\/#breadcrumb\"},\"inLanguage\":\"pt-PT\",\"potentialAction\":[{\"@type\":\"ReadAction\",\"target\":[\"https:\\\/\\\/www.spaceworkers.pt\\\/en\\\/projects\\\/design-factorydesign-factory\\\/\"]}]},{\"@type\":\"ImageObject\",\"inLanguage\":\"pt-PT\",\"@id\":\"https:\\\/\\\/www.spaceworkers.pt\\\/en\\\/projects\\\/design-factorydesign-factory\\\/#primaryimage\",\"url\":\"http:\\\/\\\/www.spaceworkers.pt\\\/wp-content\\\/uploads\\\/1009\\\/12\\\/RENDER-ENTRADA.jpg\",\"contentUrl\":\"http:\\\/\\\/www.spaceworkers.pt\\\/wp-content\\\/uploads\\\/1009\\\/12\\\/RENDER-ENTRADA.jpg\",\"width\":2560,\"height\":1440,\"caption\":\"Spaceworkers F\u00e1brica do Design - Interior\"},{\"@type\":\"BreadcrumbList\",\"@id\":\"https:\\\/\\\/www.spaceworkers.pt\\\/en\\\/projects\\\/design-factorydesign-factory\\\/#breadcrumb\",\"itemListElement\":[{\"@type\":\"ListItem\",\"position\":1,\"name\":\"Home\",\"item\":\"https:\\\/\\\/www.spaceworkers.pt\\\/en\\\/\"},{\"@type\":\"ListItem\",\"position\":2,\"name\":\"Projects\",\"item\":\"https:\\\/\\\/www.spaceworkers.pt\\\/pt\\\/projects\\\/\"},{\"@type\":\"ListItem\",\"position\":3,\"name\":\"Design Factory\"}]},{\"@type\":\"WebSite\",\"@id\":\"https:\\\/\\\/www.spaceworkers.pt\\\/en\\\/#website\",\"url\":\"https:\\\/\\\/www.spaceworkers.pt\\\/en\\\/\",\"name\":\"spaceworkers\",\"description\":\"Spaceworkers\u00ae \u00e9 um atelier de arquitetura e design localizado em Paredes, no norte de Portugal, fundado pelos actuais directores criativos Henrique Marques e Rui Dinis e pela sua directora financeira Carla Duarte.\",\"potentialAction\":[{\"@type\":\"SearchAction\",\"target\":{\"@type\":\"EntryPoint\",\"urlTemplate\":\"https:\\\/\\\/www.spaceworkers.pt\\\/en\\\/?s={search_term_string}\"},\"query-input\":{\"@type\":\"PropertyValueSpecification\",\"valueRequired\":true,\"valueName\":\"search_term_string\"}}],\"inLanguage\":\"pt-PT\"}]}<\/script>\n<!-- \/ Yoast SEO plugin. -->","yoast_head_json":{"title":"[:pt]F\u00e1brica do Design[:en]Design Factory[:] - spaceworkers","description":"Conhe\u00e7a o projeto F\u00e1brica do Design, um edif\u00edcio que precisa de dialogar com a cidade e interagir com a sua vida di\u00e1ria.","robots":{"index":"index","follow":"follow","max-snippet":"max-snippet:-1","max-image-preview":"max-image-preview:large","max-video-preview":"max-video-preview:-1"},"canonical":"https:\/\/www.spaceworkers.pt\/en\/projects\/design-factorydesign-factory\/","og_locale":"pt_PT","og_type":"article","og_title":"[:pt]F\u00e1brica do Design[:en]Design Factory[:] - spaceworkers","og_description":"Conhe\u00e7a o projeto F\u00e1brica do Design, um edif\u00edcio que precisa de dialogar com a cidade e interagir com a sua vida di\u00e1ria.","og_url":"https:\/\/www.spaceworkers.pt\/en\/projects\/design-factorydesign-factory\/","og_site_name":"spaceworkers","article_modified_time":"2025-01-28T09:53:10+00:00","og_image":[{"width":2560,"height":1440,"url":"https:\/\/www.spaceworkers.pt\/wp-content\/uploads\/1009\/12\/RENDER-ENTRADA.jpg","type":"image\/jpeg"}],"twitter_card":"summary_large_image","twitter_misc":{"Tempo estimado de leitura":"1 minuto"},"schema":{"@context":"https:\/\/schema.org","@graph":[{"@type":"WebPage","@id":"https:\/\/www.spaceworkers.pt\/en\/projects\/design-factorydesign-factory\/","url":"https:\/\/www.spaceworkers.pt\/en\/projects\/design-factorydesign-factory\/","name":"[:pt]F\u00e1brica do Design[:en]Design Factory[:] - spaceworkers","isPartOf":{"@id":"https:\/\/www.spaceworkers.pt\/en\/#website"},"primaryImageOfPage":{"@id":"https:\/\/www.spaceworkers.pt\/en\/projects\/design-factorydesign-factory\/#primaryimage"},"image":{"@id":"https:\/\/www.spaceworkers.pt\/en\/projects\/design-factorydesign-factory\/#primaryimage"},"thumbnailUrl":"http:\/\/www.spaceworkers.pt\/wp-content\/uploads\/1009\/12\/RENDER-ENTRADA.jpg","datePublished":"2009-12-22T10:07:06+00:00","dateModified":"2025-01-28T09:53:10+00:00","description":"Conhe\u00e7a o projeto F\u00e1brica do Design, um edif\u00edcio que precisa de dialogar com a cidade e interagir com a sua vida di\u00e1ria.","breadcrumb":{"@id":"https:\/\/www.spaceworkers.pt\/en\/projects\/design-factorydesign-factory\/#breadcrumb"},"inLanguage":"pt-PT","potentialAction":[{"@type":"ReadAction","target":["https:\/\/www.spaceworkers.pt\/en\/projects\/design-factorydesign-factory\/"]}]},{"@type":"ImageObject","inLanguage":"pt-PT","@id":"https:\/\/www.spaceworkers.pt\/en\/projects\/design-factorydesign-factory\/#primaryimage","url":"http:\/\/www.spaceworkers.pt\/wp-content\/uploads\/1009\/12\/RENDER-ENTRADA.jpg","contentUrl":"http:\/\/www.spaceworkers.pt\/wp-content\/uploads\/1009\/12\/RENDER-ENTRADA.jpg","width":2560,"height":1440,"caption":"Spaceworkers F\u00e1brica do Design - Interior"},{"@type":"BreadcrumbList","@id":"https:\/\/www.spaceworkers.pt\/en\/projects\/design-factorydesign-factory\/#breadcrumb","itemListElement":[{"@type":"ListItem","position":1,"name":"Home","item":"https:\/\/www.spaceworkers.pt\/en\/"},{"@type":"ListItem","position":2,"name":"Projects","item":"https:\/\/www.spaceworkers.pt\/pt\/projects\/"},{"@type":"ListItem","position":3,"name":"Design Factory"}]},{"@type":"WebSite","@id":"https:\/\/www.spaceworkers.pt\/en\/#website","url":"https:\/\/www.spaceworkers.pt\/en\/","name":"spaceworkers","description":"Spaceworkers\u00ae \u00e9 um atelier de arquitetura e design localizado em Paredes, no norte de Portugal, fundado pelos actuais directores criativos Henrique Marques e Rui Dinis e pela sua directora financeira Carla Duarte.","potentialAction":[{"@type":"SearchAction","target":{"@type":"EntryPoint","urlTemplate":"https:\/\/www.spaceworkers.pt\/en\/?s={search_term_string}"},"query-input":{"@type":"PropertyValueSpecification","valueRequired":true,"valueName":"search_term_string"}}],"inLanguage":"pt-PT"}]}},"year":"09","code":"FDIP","image":"http:\/\/www.spaceworkers.pt\/wp-content\/uploads\/1009\/12\/RENDER-ENTRADA.jpg","_links":{"self":[{"href":"http:\/\/www.spaceworkers.pt\/pt\/wp-json\/wp\/v2\/projects\/643","targetHints":{"allow":["GET"]}}],"collection":[{"href":"http:\/\/www.spaceworkers.pt\/pt\/wp-json\/wp\/v2\/projects"}],"about":[{"href":"http:\/\/www.spaceworkers.pt\/pt\/wp-json\/wp\/v2\/types\/projects"}],"wp:featuredmedia":[{"embeddable":true,"href":"http:\/\/www.spaceworkers.pt\/pt\/wp-json\/wp\/v2\/media\/1934"}],"wp:attachment":[{"href":"http:\/\/www.spaceworkers.pt\/pt\/wp-json\/wp\/v2\/media?parent=643"}],"curies":[{"name":"wp","href":"https:\/\/api.w.org\/{rel}","templated":true}]}}

Fábrica do Design

<!-- This site is optimized with the Yoast SEO plugin v27.3 - https://yoast.com/product/yoast-seo-wordpress/ -->
<title>Fábrica do Design - spaceworkers</title>
<meta name="description" content="Conheça o projeto Fábrica do Design, um edifício que precisa de dialogar com a cidade e interagir com a sua vida diária." />
<meta name="robots" content="index, follow, max-snippet:-1, max-image-preview:large, max-video-preview:-1" />
<link rel="canonical" href="https://www.spaceworkers.pt/en/projects/design-factorydesign-factory/" />
<meta property="og:locale" content="pt_PT" />
<meta property="og:type" content="article" />
<meta property="og:title" content="[:pt]Fábrica do Design[:en]Design Factory[:] - spaceworkers" />
<meta property="og:description" content="Conheça o projeto Fábrica do Design, um edifício que precisa de dialogar com a cidade e interagir com a sua vida diária." />
<meta property="og:url" content="https://www.spaceworkers.pt/en/projects/design-factorydesign-factory/" />
<meta property="og:site_name" content="spaceworkers" />
<meta property="article:modified_time" content="2025-01-28T09:53:10+00:00" />
<meta property="og:image" content="https://www.spaceworkers.pt/wp-content/uploads/1009/12/RENDER-ENTRADA.jpg" />
	<meta property="og:image:width" content="2560" />
	<meta property="og:image:height" content="1440" />
	<meta property="og:image:type" content="image/jpeg" />
<meta name="twitter:card" content="summary_large_image" />
<meta name="twitter:label1" content="Tempo estimado de leitura" />
	<meta name="twitter:data1" content="1 minuto" />
<script type="application/ld+json" class="yoast-schema-graph">{"@context":"https:\/\/schema.org","@graph":[{"@type":"WebPage","@id":"https:\/\/www.spaceworkers.pt\/en\/projects\/design-factorydesign-factory\/","url":"https:\/\/www.spaceworkers.pt\/en\/projects\/design-factorydesign-factory\/","name":"[:pt]Fábrica do Design[:en]Design Factory[:] - spaceworkers","isPartOf":{"@id":"https:\/\/www.spaceworkers.pt\/en\/#website"},"primaryImageOfPage":{"@id":"https:\/\/www.spaceworkers.pt\/en\/projects\/design-factorydesign-factory\/#primaryimage"},"image":{"@id":"https:\/\/www.spaceworkers.pt\/en\/projects\/design-factorydesign-factory\/#primaryimage"},"thumbnailUrl":"http:\/\/www.spaceworkers.pt\/wp-content\/uploads\/1009\/12\/RENDER-ENTRADA.jpg","datePublished":"2009-12-22T10:07:06+00:00","dateModified":"2025-01-28T09:53:10+00:00","description":"Conheça o projeto Fábrica do Design, um edifício que precisa de dialogar com a cidade e interagir com a sua vida diária.","breadcrumb":{"@id":"https:\/\/www.spaceworkers.pt\/en\/projects\/design-factorydesign-factory\/#breadcrumb"},"inLanguage":"pt-PT","potentialAction":[{"@type":"ReadAction","target":["https:\/\/www.spaceworkers.pt\/en\/projects\/design-factorydesign-factory\/"]}]},{"@type":"ImageObject","inLanguage":"pt-PT","@id":"https:\/\/www.spaceworkers.pt\/en\/projects\/design-factorydesign-factory\/#primaryimage","url":"http:\/\/www.spaceworkers.pt\/wp-content\/uploads\/1009\/12\/RENDER-ENTRADA.jpg","contentUrl":"http:\/\/www.spaceworkers.pt\/wp-content\/uploads\/1009\/12\/RENDER-ENTRADA.jpg","width":2560,"height":1440,"caption":"Spaceworkers Fábrica do Design - Interior"},{"@type":"BreadcrumbList","@id":"https:\/\/www.spaceworkers.pt\/en\/projects\/design-factorydesign-factory\/#breadcrumb","itemListElement":[{"@type":"ListItem","position":1,"name":"Home","item":"https:\/\/www.spaceworkers.pt\/en\/"},{"@type":"ListItem","position":2,"name":"Projects","item":"https:\/\/www.spaceworkers.pt\/pt\/projects\/"},{"@type":"ListItem","position":3,"name":"Design Factory"}]},{"@type":"WebSite","@id":"https:\/\/www.spaceworkers.pt\/en\/#website","url":"https:\/\/www.spaceworkers.pt\/en\/","name":"spaceworkers","description":"Spaceworkers® é um atelier de arquitetura e design localizado em Paredes, no norte de Portugal, fundado pelos actuais directores criativos Henrique Marques e Rui Dinis e pela sua directora financeira Carla Duarte.","potentialAction":[{"@type":"SearchAction","target":{"@type":"EntryPoint","urlTemplate":"https:\/\/www.spaceworkers.pt\/en\/?s={search_term_string}"},"query-input":{"@type":"PropertyValueSpecification","valueRequired":true,"valueName":"search_term_string"}}],"inLanguage":"pt-PT"}]}</script>
<!-- / Yoast SEO plugin. -->

[:pt]Fábrica do Design[:en]Design Factory[:] - spaceworkers

Conheça o projeto Fábrica do Design, um edifício que precisa de dialogar com a cidade e interagir com a sua vida diária.

Spaceworkers Fábrica do Design - Interior

Spaceworkers® é um atelier de arquitetura e design localizado em Paredes, no norte de Portugal, fundado pelos actuais directores criativos Henrique Marques e Rui Dinis e pela sua directora financeira Carla Duarte.
