{"id":449,"date":"2011-12-20T10:34:56","date_gmt":"2011-12-20T10:34:56","guid":{"rendered":"http:\/\/www.spaceworkers.pt\/?post_type=projects&#038;p=449"},"modified":"2025-01-28T09:51:43","modified_gmt":"2025-01-28T09:51:43","slug":"reabilitacao-apartamento-xs","status":"publish","type":"projects","link":"http:\/\/www.spaceworkers.pt\/pt\/projects\/reabilitacao-apartamento-xs\/","title":{"rendered":"Reabilita\u00e7\u00e3o Apartamento Xs"},"featured_media":821,"template":"","class_list":["post-449","projects","type-projects","status-publish","has-post-thumbnail","hentry","type-refurbishment","type-residence"],"yoast_head":"<!-- This site is optimized with the Yoast SEO plugin v27.3 - https:\/\/yoast.com\/product\/yoast-seo-wordpress\/ -->\n<title>Reabilita\u00e7\u00e3o Apartamento Xs - spaceworkers<\/title>\n<meta name=\"description\" content=\"O projeto de Reabilita\u00e7\u00e3o Apartamento Xs consistiu na remodela\u00e7\u00e3o de um apartamento inserido num pr\u00e9dio que data dos anos 70.\" \/>\n<meta name=\"robots\" content=\"index, follow, max-snippet:-1, max-image-preview:large, max-video-preview:-1\" \/>\n<link rel=\"canonical\" href=\"https:\/\/www.spaceworkers.pt\/pt\/projects\/reabilitacao-apartamento-xs\/\" \/>\n<meta property=\"og:locale\" content=\"pt_PT\" \/>\n<meta property=\"og:type\" content=\"article\" \/>\n<meta property=\"og:title\" content=\"[:pt]Reabilita\u00e7\u00e3o Apartamento Xs[:en]Xs Apartment Rehabilitation[:] - spaceworkers\" \/>\n<meta property=\"og:description\" content=\"O projeto de Reabilita\u00e7\u00e3o Apartamento Xs consistiu na remodela\u00e7\u00e3o de um apartamento inserido num pr\u00e9dio que data dos anos 70.\" \/>\n<meta property=\"og:url\" content=\"https:\/\/www.spaceworkers.pt\/pt\/projects\/reabilitacao-apartamento-xs\/\" \/>\n<meta property=\"og:site_name\" content=\"spaceworkers\" \/>\n<meta property=\"article:modified_time\" content=\"2025-01-28T09:51:43+00:00\" \/>\n<meta property=\"og:image\" content=\"https:\/\/www.spaceworkers.pt\/wp-content\/uploads\/2011\/12\/008.jpg\" \/>\n\t<meta property=\"og:image:width\" content=\"950\" \/>\n\t<meta property=\"og:image:height\" content=\"1425\" \/>\n\t<meta property=\"og:image:type\" content=\"image\/jpeg\" \/>\n<meta name=\"twitter:card\" content=\"summary_large_image\" \/>\n<meta name=\"twitter:label1\" content=\"Tempo estimado de leitura\" \/>\n\t<meta name=\"twitter:data1\" content=\"1 minuto\" \/>\n<script type=\"application\/ld+json\" class=\"yoast-schema-graph\">{\"@context\":\"https:\\\/\\\/schema.org\",\"@graph\":[{\"@type\":\"WebPage\",\"@id\":\"https:\\\/\\\/www.spaceworkers.pt\\\/pt\\\/projects\\\/reabilitacao-apartamento-xs\\\/\",\"url\":\"https:\\\/\\\/www.spaceworkers.pt\\\/pt\\\/projects\\\/reabilitacao-apartamento-xs\\\/\",\"name\":\"[:pt]Reabilita\u00e7\u00e3o Apartamento Xs[:en]Xs Apartment Rehabilitation[:] - spaceworkers\",\"isPartOf\":{\"@id\":\"https:\\\/\\\/www.spaceworkers.pt\\\/en\\\/#website\"},\"primaryImageOfPage\":{\"@id\":\"https:\\\/\\\/www.spaceworkers.pt\\\/pt\\\/projects\\\/reabilitacao-apartamento-xs\\\/#primaryimage\"},\"image\":{\"@id\":\"https:\\\/\\\/www.spaceworkers.pt\\\/pt\\\/projects\\\/reabilitacao-apartamento-xs\\\/#primaryimage\"},\"thumbnailUrl\":\"http:\\\/\\\/www.spaceworkers.pt\\\/wp-content\\\/uploads\\\/2011\\\/12\\\/008.jpg\",\"datePublished\":\"2011-12-20T10:34:56+00:00\",\"dateModified\":\"2025-01-28T09:51:43+00:00\",\"description\":\"O projeto de Reabilita\u00e7\u00e3o Apartamento Xs consistiu na remodela\u00e7\u00e3o de um apartamento inserido num pr\u00e9dio que data dos anos 70.\",\"breadcrumb\":{\"@id\":\"https:\\\/\\\/www.spaceworkers.pt\\\/pt\\\/projects\\\/reabilitacao-apartamento-xs\\\/#breadcrumb\"},\"inLanguage\":\"pt-PT\",\"potentialAction\":[{\"@type\":\"ReadAction\",\"target\":[\"https:\\\/\\\/www.spaceworkers.pt\\\/pt\\\/projects\\\/reabilitacao-apartamento-xs\\\/\"]}]},{\"@type\":\"ImageObject\",\"inLanguage\":\"pt-PT\",\"@id\":\"https:\\\/\\\/www.spaceworkers.pt\\\/pt\\\/projects\\\/reabilitacao-apartamento-xs\\\/#primaryimage\",\"url\":\"http:\\\/\\\/www.spaceworkers.pt\\\/wp-content\\\/uploads\\\/2011\\\/12\\\/008.jpg\",\"contentUrl\":\"http:\\\/\\\/www.spaceworkers.pt\\\/wp-content\\\/uploads\\\/2011\\\/12\\\/008.jpg\",\"width\":950,\"height\":1425,\"caption\":\"Reabilita\u00e7\u00e3o Apartamento Xs-sala\"},{\"@type\":\"BreadcrumbList\",\"@id\":\"https:\\\/\\\/www.spaceworkers.pt\\\/pt\\\/projects\\\/reabilitacao-apartamento-xs\\\/#breadcrumb\",\"itemListElement\":[{\"@type\":\"ListItem\",\"position\":1,\"name\":\"Home\",\"item\":\"https:\\\/\\\/www.spaceworkers.pt\\\/en\\\/\"},{\"@type\":\"ListItem\",\"position\":2,\"name\":\"Projects\",\"item\":\"https:\\\/\\\/www.spaceworkers.pt\\\/pt\\\/projects\\\/\"},{\"@type\":\"ListItem\",\"position\":3,\"name\":\"Reabilita\u00e7\u00e3o Apartamento Xs\"}]},{\"@type\":\"WebSite\",\"@id\":\"https:\\\/\\\/www.spaceworkers.pt\\\/en\\\/#website\",\"url\":\"https:\\\/\\\/www.spaceworkers.pt\\\/en\\\/\",\"name\":\"spaceworkers\",\"description\":\"Spaceworkers\u00ae \u00e9 um atelier de arquitetura e design localizado em Paredes, no norte de Portugal, fundado pelos actuais directores criativos Henrique Marques e Rui Dinis e pela sua directora financeira Carla Duarte.\",\"potentialAction\":[{\"@type\":\"SearchAction\",\"target\":{\"@type\":\"EntryPoint\",\"urlTemplate\":\"https:\\\/\\\/www.spaceworkers.pt\\\/en\\\/?s={search_term_string}\"},\"query-input\":{\"@type\":\"PropertyValueSpecification\",\"valueRequired\":true,\"valueName\":\"search_term_string\"}}],\"inLanguage\":\"pt-PT\"}]}<\/script>\n<!-- \/ Yoast SEO plugin. -->","yoast_head_json":{"title":"[:pt]Reabilita\u00e7\u00e3o Apartamento Xs[:en]Xs Apartment Rehabilitation[:] - spaceworkers","description":"O projeto de Reabilita\u00e7\u00e3o Apartamento Xs consistiu na remodela\u00e7\u00e3o de um apartamento inserido num pr\u00e9dio que data dos anos 70.","robots":{"index":"index","follow":"follow","max-snippet":"max-snippet:-1","max-image-preview":"max-image-preview:large","max-video-preview":"max-video-preview:-1"},"canonical":"https:\/\/www.spaceworkers.pt\/pt\/projects\/reabilitacao-apartamento-xs\/","og_locale":"pt_PT","og_type":"article","og_title":"[:pt]Reabilita\u00e7\u00e3o Apartamento Xs[:en]Xs Apartment Rehabilitation[:] - spaceworkers","og_description":"O projeto de Reabilita\u00e7\u00e3o Apartamento Xs consistiu na remodela\u00e7\u00e3o de um apartamento inserido num pr\u00e9dio que data dos anos 70.","og_url":"https:\/\/www.spaceworkers.pt\/pt\/projects\/reabilitacao-apartamento-xs\/","og_site_name":"spaceworkers","article_modified_time":"2025-01-28T09:51:43+00:00","og_image":[{"width":950,"height":1425,"url":"https:\/\/www.spaceworkers.pt\/wp-content\/uploads\/2011\/12\/008.jpg","type":"image\/jpeg"}],"twitter_card":"summary_large_image","twitter_misc":{"Tempo estimado de leitura":"1 minuto"},"schema":{"@context":"https:\/\/schema.org","@graph":[{"@type":"WebPage","@id":"https:\/\/www.spaceworkers.pt\/pt\/projects\/reabilitacao-apartamento-xs\/","url":"https:\/\/www.spaceworkers.pt\/pt\/projects\/reabilitacao-apartamento-xs\/","name":"[:pt]Reabilita\u00e7\u00e3o Apartamento Xs[:en]Xs Apartment Rehabilitation[:] - spaceworkers","isPartOf":{"@id":"https:\/\/www.spaceworkers.pt\/en\/#website"},"primaryImageOfPage":{"@id":"https:\/\/www.spaceworkers.pt\/pt\/projects\/reabilitacao-apartamento-xs\/#primaryimage"},"image":{"@id":"https:\/\/www.spaceworkers.pt\/pt\/projects\/reabilitacao-apartamento-xs\/#primaryimage"},"thumbnailUrl":"http:\/\/www.spaceworkers.pt\/wp-content\/uploads\/2011\/12\/008.jpg","datePublished":"2011-12-20T10:34:56+00:00","dateModified":"2025-01-28T09:51:43+00:00","description":"O projeto de Reabilita\u00e7\u00e3o Apartamento Xs consistiu na remodela\u00e7\u00e3o de um apartamento inserido num pr\u00e9dio que data dos anos 70.","breadcrumb":{"@id":"https:\/\/www.spaceworkers.pt\/pt\/projects\/reabilitacao-apartamento-xs\/#breadcrumb"},"inLanguage":"pt-PT","potentialAction":[{"@type":"ReadAction","target":["https:\/\/www.spaceworkers.pt\/pt\/projects\/reabilitacao-apartamento-xs\/"]}]},{"@type":"ImageObject","inLanguage":"pt-PT","@id":"https:\/\/www.spaceworkers.pt\/pt\/projects\/reabilitacao-apartamento-xs\/#primaryimage","url":"http:\/\/www.spaceworkers.pt\/wp-content\/uploads\/2011\/12\/008.jpg","contentUrl":"http:\/\/www.spaceworkers.pt\/wp-content\/uploads\/2011\/12\/008.jpg","width":950,"height":1425,"caption":"Reabilita\u00e7\u00e3o Apartamento Xs-sala"},{"@type":"BreadcrumbList","@id":"https:\/\/www.spaceworkers.pt\/pt\/projects\/reabilitacao-apartamento-xs\/#breadcrumb","itemListElement":[{"@type":"ListItem","position":1,"name":"Home","item":"https:\/\/www.spaceworkers.pt\/en\/"},{"@type":"ListItem","position":2,"name":"Projects","item":"https:\/\/www.spaceworkers.pt\/pt\/projects\/"},{"@type":"ListItem","position":3,"name":"Reabilita\u00e7\u00e3o Apartamento Xs"}]},{"@type":"WebSite","@id":"https:\/\/www.spaceworkers.pt\/en\/#website","url":"https:\/\/www.spaceworkers.pt\/en\/","name":"spaceworkers","description":"Spaceworkers\u00ae \u00e9 um atelier de arquitetura e design localizado em Paredes, no norte de Portugal, fundado pelos actuais directores criativos Henrique Marques e Rui Dinis e pela sua directora financeira Carla Duarte.","potentialAction":[{"@type":"SearchAction","target":{"@type":"EntryPoint","urlTemplate":"https:\/\/www.spaceworkers.pt\/en\/?s={search_term_string}"},"query-input":{"@type":"PropertyValueSpecification","valueRequired":true,"valueName":"search_term_string"}}],"inLanguage":"pt-PT"}]}},"year":"11","code":"RAL","image":"http:\/\/www.spaceworkers.pt\/wp-content\/uploads\/2011\/12\/008.jpg","_links":{"self":[{"href":"http:\/\/www.spaceworkers.pt\/pt\/wp-json\/wp\/v2\/projects\/449","targetHints":{"allow":["GET"]}}],"collection":[{"href":"http:\/\/www.spaceworkers.pt\/pt\/wp-json\/wp\/v2\/projects"}],"about":[{"href":"http:\/\/www.spaceworkers.pt\/pt\/wp-json\/wp\/v2\/types\/projects"}],"wp:featuredmedia":[{"embeddable":true,"href":"http:\/\/www.spaceworkers.pt\/pt\/wp-json\/wp\/v2\/media\/821"}],"wp:attachment":[{"href":"http:\/\/www.spaceworkers.pt\/pt\/wp-json\/wp\/v2\/media?parent=449"}],"curies":[{"name":"wp","href":"https:\/\/api.w.org\/{rel}","templated":true}]}}

Reabilitação Apartamento Xs

<!-- This site is optimized with the Yoast SEO plugin v27.3 - https://yoast.com/product/yoast-seo-wordpress/ -->
<title>Reabilitação Apartamento Xs - spaceworkers</title>
<meta name="description" content="O projeto de Reabilitação Apartamento Xs consistiu na remodelação de um apartamento inserido num prédio que data dos anos 70." />
<meta name="robots" content="index, follow, max-snippet:-1, max-image-preview:large, max-video-preview:-1" />
<link rel="canonical" href="https://www.spaceworkers.pt/pt/projects/reabilitacao-apartamento-xs/" />
<meta property="og:locale" content="pt_PT" />
<meta property="og:type" content="article" />
<meta property="og:title" content="[:pt]Reabilitação Apartamento Xs[:en]Xs Apartment Rehabilitation[:] - spaceworkers" />
<meta property="og:description" content="O projeto de Reabilitação Apartamento Xs consistiu na remodelação de um apartamento inserido num prédio que data dos anos 70." />
<meta property="og:url" content="https://www.spaceworkers.pt/pt/projects/reabilitacao-apartamento-xs/" />
<meta property="og:site_name" content="spaceworkers" />
<meta property="article:modified_time" content="2025-01-28T09:51:43+00:00" />
<meta property="og:image" content="https://www.spaceworkers.pt/wp-content/uploads/2011/12/008.jpg" />
	<meta property="og:image:width" content="950" />
	<meta property="og:image:height" content="1425" />
	<meta property="og:image:type" content="image/jpeg" />
<meta name="twitter:card" content="summary_large_image" />
<meta name="twitter:label1" content="Tempo estimado de leitura" />
	<meta name="twitter:data1" content="1 minuto" />
<script type="application/ld+json" class="yoast-schema-graph">{"@context":"https:\/\/schema.org","@graph":[{"@type":"WebPage","@id":"https:\/\/www.spaceworkers.pt\/pt\/projects\/reabilitacao-apartamento-xs\/","url":"https:\/\/www.spaceworkers.pt\/pt\/projects\/reabilitacao-apartamento-xs\/","name":"[:pt]Reabilitação Apartamento Xs[:en]Xs Apartment Rehabilitation[:] - spaceworkers","isPartOf":{"@id":"https:\/\/www.spaceworkers.pt\/en\/#website"},"primaryImageOfPage":{"@id":"https:\/\/www.spaceworkers.pt\/pt\/projects\/reabilitacao-apartamento-xs\/#primaryimage"},"image":{"@id":"https:\/\/www.spaceworkers.pt\/pt\/projects\/reabilitacao-apartamento-xs\/#primaryimage"},"thumbnailUrl":"http:\/\/www.spaceworkers.pt\/wp-content\/uploads\/2011\/12\/008.jpg","datePublished":"2011-12-20T10:34:56+00:00","dateModified":"2025-01-28T09:51:43+00:00","description":"O projeto de Reabilitação Apartamento Xs consistiu na remodelação de um apartamento inserido num prédio que data dos anos 70.","breadcrumb":{"@id":"https:\/\/www.spaceworkers.pt\/pt\/projects\/reabilitacao-apartamento-xs\/#breadcrumb"},"inLanguage":"pt-PT","potentialAction":[{"@type":"ReadAction","target":["https:\/\/www.spaceworkers.pt\/pt\/projects\/reabilitacao-apartamento-xs\/"]}]},{"@type":"ImageObject","inLanguage":"pt-PT","@id":"https:\/\/www.spaceworkers.pt\/pt\/projects\/reabilitacao-apartamento-xs\/#primaryimage","url":"http:\/\/www.spaceworkers.pt\/wp-content\/uploads\/2011\/12\/008.jpg","contentUrl":"http:\/\/www.spaceworkers.pt\/wp-content\/uploads\/2011\/12\/008.jpg","width":950,"height":1425,"caption":"Reabilitação Apartamento Xs-sala"},{"@type":"BreadcrumbList","@id":"https:\/\/www.spaceworkers.pt\/pt\/projects\/reabilitacao-apartamento-xs\/#breadcrumb","itemListElement":[{"@type":"ListItem","position":1,"name":"Home","item":"https:\/\/www.spaceworkers.pt\/en\/"},{"@type":"ListItem","position":2,"name":"Projects","item":"https:\/\/www.spaceworkers.pt\/pt\/projects\/"},{"@type":"ListItem","position":3,"name":"Reabilitação Apartamento Xs"}]},{"@type":"WebSite","@id":"https:\/\/www.spaceworkers.pt\/en\/#website","url":"https:\/\/www.spaceworkers.pt\/en\/","name":"spaceworkers","description":"Spaceworkers® é um atelier de arquitetura e design localizado em Paredes, no norte de Portugal, fundado pelos actuais directores criativos Henrique Marques e Rui Dinis e pela sua directora financeira Carla Duarte.","potentialAction":[{"@type":"SearchAction","target":{"@type":"EntryPoint","urlTemplate":"https:\/\/www.spaceworkers.pt\/en\/?s={search_term_string}"},"query-input":{"@type":"PropertyValueSpecification","valueRequired":true,"valueName":"search_term_string"}}],"inLanguage":"pt-PT"}]}</script>
<!-- / Yoast SEO plugin. -->

[:pt]Reabilitação Apartamento Xs[:en]Xs Apartment Rehabilitation[:] - spaceworkers

O projeto de Reabilitação Apartamento Xs consistiu na remodelação de um apartamento inserido num prédio que data dos anos 70.

Reabilitação Apartamento Xs-sala

Spaceworkers® é um atelier de arquitetura e design localizado em Paredes, no norte de Portugal, fundado pelos actuais directores criativos Henrique Marques e Rui Dinis e pela sua directora financeira Carla Duarte.
