{"id":2643,"date":"2023-01-04T17:04:49","date_gmt":"2023-01-04T17:04:49","guid":{"rendered":"https:\/\/www.spaceworkers.pt\/?post_type=projects&#038;p=2643"},"modified":"2025-01-29T11:22:48","modified_gmt":"2025-01-29T11:22:48","slug":"casa-do-covelo","status":"publish","type":"projects","link":"http:\/\/www.spaceworkers.pt\/pt\/projects\/casa-do-covelo\/","title":{"rendered":"Casa do Covelo"},"featured_media":3127,"template":"","class_list":["post-2643","projects","type-projects","status-publish","has-post-thumbnail","hentry","type-refurbishment","type-residence"],"yoast_head":"<!-- This site is optimized with the Yoast SEO plugin v27.3 - https:\/\/yoast.com\/product\/yoast-seo-wordpress\/ -->\n<title>Casa do Covelo - Covelo House - spaceworkers<\/title>\n<meta name=\"description\" content=\"A Casa do Covelo teve por base a reinven\u00e7\u00e3o da habita\u00e7\u00e3o nas aut\u00eanticas ilhas urbanas do Porto. Uma casa geminada \u00fanica que reflete hist\u00f3ria.\" \/>\n<meta name=\"robots\" content=\"index, follow, max-snippet:-1, max-image-preview:large, max-video-preview:-1\" \/>\n<link rel=\"canonical\" href=\"https:\/\/www.spaceworkers.pt\/en\/projects\/casa-do-covelo\/\" \/>\n<meta property=\"og:locale\" content=\"pt_PT\" \/>\n<meta property=\"og:type\" content=\"article\" \/>\n<meta property=\"og:title\" content=\"Casa do Covelo - Covelo House - spaceworkers\" \/>\n<meta property=\"og:description\" content=\"A Casa do Covelo teve por base a reinven\u00e7\u00e3o da habita\u00e7\u00e3o nas aut\u00eanticas ilhas urbanas do Porto. Uma casa geminada \u00fanica que reflete hist\u00f3ria.\" \/>\n<meta property=\"og:url\" content=\"https:\/\/www.spaceworkers.pt\/en\/projects\/casa-do-covelo\/\" \/>\n<meta property=\"og:site_name\" content=\"spaceworkers\" \/>\n<meta property=\"article:modified_time\" content=\"2025-01-29T11:22:48+00:00\" \/>\n<meta property=\"og:image\" content=\"https:\/\/www.spaceworkers.pt\/wp-content\/uploads\/2023\/01\/Sem-Titulo-9790-Grande-2.jpeg\" \/>\n\t<meta property=\"og:image:width\" content=\"1280\" \/>\n\t<meta property=\"og:image:height\" content=\"720\" \/>\n\t<meta property=\"og:image:type\" content=\"image\/jpeg\" \/>\n<meta name=\"twitter:card\" content=\"summary_large_image\" \/>\n<meta name=\"twitter:label1\" content=\"Tempo estimado de leitura\" \/>\n\t<meta name=\"twitter:data1\" content=\"1 minuto\" \/>\n<script type=\"application\/ld+json\" class=\"yoast-schema-graph\">{\"@context\":\"https:\\\/\\\/schema.org\",\"@graph\":[{\"@type\":\"WebPage\",\"@id\":\"https:\\\/\\\/www.spaceworkers.pt\\\/en\\\/projects\\\/casa-do-covelo\\\/\",\"url\":\"https:\\\/\\\/www.spaceworkers.pt\\\/en\\\/projects\\\/casa-do-covelo\\\/\",\"name\":\"Casa do Covelo - Covelo House - spaceworkers\",\"isPartOf\":{\"@id\":\"https:\\\/\\\/www.spaceworkers.pt\\\/en\\\/#website\"},\"primaryImageOfPage\":{\"@id\":\"https:\\\/\\\/www.spaceworkers.pt\\\/en\\\/projects\\\/casa-do-covelo\\\/#primaryimage\"},\"image\":{\"@id\":\"https:\\\/\\\/www.spaceworkers.pt\\\/en\\\/projects\\\/casa-do-covelo\\\/#primaryimage\"},\"thumbnailUrl\":\"http:\\\/\\\/www.spaceworkers.pt\\\/wp-content\\\/uploads\\\/2023\\\/01\\\/Sem-Titulo-9790-Grande-2.jpeg\",\"datePublished\":\"2023-01-04T17:04:49+00:00\",\"dateModified\":\"2025-01-29T11:22:48+00:00\",\"description\":\"A Casa do Covelo teve por base a reinven\u00e7\u00e3o da habita\u00e7\u00e3o nas aut\u00eanticas ilhas urbanas do Porto. Uma casa geminada \u00fanica que reflete hist\u00f3ria.\",\"breadcrumb\":{\"@id\":\"https:\\\/\\\/www.spaceworkers.pt\\\/en\\\/projects\\\/casa-do-covelo\\\/#breadcrumb\"},\"inLanguage\":\"pt-PT\",\"potentialAction\":[{\"@type\":\"ReadAction\",\"target\":[\"https:\\\/\\\/www.spaceworkers.pt\\\/en\\\/projects\\\/casa-do-covelo\\\/\"]}]},{\"@type\":\"ImageObject\",\"inLanguage\":\"pt-PT\",\"@id\":\"https:\\\/\\\/www.spaceworkers.pt\\\/en\\\/projects\\\/casa-do-covelo\\\/#primaryimage\",\"url\":\"http:\\\/\\\/www.spaceworkers.pt\\\/wp-content\\\/uploads\\\/2023\\\/01\\\/Sem-Titulo-9790-Grande-2.jpeg\",\"contentUrl\":\"http:\\\/\\\/www.spaceworkers.pt\\\/wp-content\\\/uploads\\\/2023\\\/01\\\/Sem-Titulo-9790-Grande-2.jpeg\",\"width\":\"1280\",\"height\":\"720\",\"caption\":\"Spaceworkers - Casa do Covelo_sala\"},{\"@type\":\"BreadcrumbList\",\"@id\":\"https:\\\/\\\/www.spaceworkers.pt\\\/en\\\/projects\\\/casa-do-covelo\\\/#breadcrumb\",\"itemListElement\":[{\"@type\":\"ListItem\",\"position\":1,\"name\":\"Home\",\"item\":\"https:\\\/\\\/www.spaceworkers.pt\\\/en\\\/\"},{\"@type\":\"ListItem\",\"position\":2,\"name\":\"Projects\",\"item\":\"https:\\\/\\\/www.spaceworkers.pt\\\/pt\\\/projects\\\/\"},{\"@type\":\"ListItem\",\"position\":3,\"name\":\"Covelo House\"}]},{\"@type\":\"WebSite\",\"@id\":\"https:\\\/\\\/www.spaceworkers.pt\\\/en\\\/#website\",\"url\":\"https:\\\/\\\/www.spaceworkers.pt\\\/en\\\/\",\"name\":\"spaceworkers\",\"description\":\"Spaceworkers\u00ae \u00e9 um atelier de arquitetura e design localizado em Paredes, no norte de Portugal, fundado pelos actuais directores criativos Henrique Marques e Rui Dinis e pela sua directora financeira Carla Duarte.\",\"potentialAction\":[{\"@type\":\"SearchAction\",\"target\":{\"@type\":\"EntryPoint\",\"urlTemplate\":\"https:\\\/\\\/www.spaceworkers.pt\\\/en\\\/?s={search_term_string}\"},\"query-input\":{\"@type\":\"PropertyValueSpecification\",\"valueRequired\":true,\"valueName\":\"search_term_string\"}}],\"inLanguage\":\"pt-PT\"}]}<\/script>\n<!-- \/ Yoast SEO plugin. -->","yoast_head_json":{"title":"Casa do Covelo - Covelo House - spaceworkers","description":"A Casa do Covelo teve por base a reinven\u00e7\u00e3o da habita\u00e7\u00e3o nas aut\u00eanticas ilhas urbanas do Porto. Uma casa geminada \u00fanica que reflete hist\u00f3ria.","robots":{"index":"index","follow":"follow","max-snippet":"max-snippet:-1","max-image-preview":"max-image-preview:large","max-video-preview":"max-video-preview:-1"},"canonical":"https:\/\/www.spaceworkers.pt\/en\/projects\/casa-do-covelo\/","og_locale":"pt_PT","og_type":"article","og_title":"Casa do Covelo - Covelo House - spaceworkers","og_description":"A Casa do Covelo teve por base a reinven\u00e7\u00e3o da habita\u00e7\u00e3o nas aut\u00eanticas ilhas urbanas do Porto. Uma casa geminada \u00fanica que reflete hist\u00f3ria.","og_url":"https:\/\/www.spaceworkers.pt\/en\/projects\/casa-do-covelo\/","og_site_name":"spaceworkers","article_modified_time":"2025-01-29T11:22:48+00:00","og_image":[{"width":1280,"height":720,"url":"https:\/\/www.spaceworkers.pt\/wp-content\/uploads\/2023\/01\/Sem-Titulo-9790-Grande-2.jpeg","type":"image\/jpeg"}],"twitter_card":"summary_large_image","twitter_misc":{"Tempo estimado de leitura":"1 minuto"},"schema":{"@context":"https:\/\/schema.org","@graph":[{"@type":"WebPage","@id":"https:\/\/www.spaceworkers.pt\/en\/projects\/casa-do-covelo\/","url":"https:\/\/www.spaceworkers.pt\/en\/projects\/casa-do-covelo\/","name":"Casa do Covelo - Covelo House - spaceworkers","isPartOf":{"@id":"https:\/\/www.spaceworkers.pt\/en\/#website"},"primaryImageOfPage":{"@id":"https:\/\/www.spaceworkers.pt\/en\/projects\/casa-do-covelo\/#primaryimage"},"image":{"@id":"https:\/\/www.spaceworkers.pt\/en\/projects\/casa-do-covelo\/#primaryimage"},"thumbnailUrl":"http:\/\/www.spaceworkers.pt\/wp-content\/uploads\/2023\/01\/Sem-Titulo-9790-Grande-2.jpeg","datePublished":"2023-01-04T17:04:49+00:00","dateModified":"2025-01-29T11:22:48+00:00","description":"A Casa do Covelo teve por base a reinven\u00e7\u00e3o da habita\u00e7\u00e3o nas aut\u00eanticas ilhas urbanas do Porto. Uma casa geminada \u00fanica que reflete hist\u00f3ria.","breadcrumb":{"@id":"https:\/\/www.spaceworkers.pt\/en\/projects\/casa-do-covelo\/#breadcrumb"},"inLanguage":"pt-PT","potentialAction":[{"@type":"ReadAction","target":["https:\/\/www.spaceworkers.pt\/en\/projects\/casa-do-covelo\/"]}]},{"@type":"ImageObject","inLanguage":"pt-PT","@id":"https:\/\/www.spaceworkers.pt\/en\/projects\/casa-do-covelo\/#primaryimage","url":"http:\/\/www.spaceworkers.pt\/wp-content\/uploads\/2023\/01\/Sem-Titulo-9790-Grande-2.jpeg","contentUrl":"http:\/\/www.spaceworkers.pt\/wp-content\/uploads\/2023\/01\/Sem-Titulo-9790-Grande-2.jpeg","width":"1280","height":"720","caption":"Spaceworkers - Casa do Covelo_sala"},{"@type":"BreadcrumbList","@id":"https:\/\/www.spaceworkers.pt\/en\/projects\/casa-do-covelo\/#breadcrumb","itemListElement":[{"@type":"ListItem","position":1,"name":"Home","item":"https:\/\/www.spaceworkers.pt\/en\/"},{"@type":"ListItem","position":2,"name":"Projects","item":"https:\/\/www.spaceworkers.pt\/pt\/projects\/"},{"@type":"ListItem","position":3,"name":"Covelo House"}]},{"@type":"WebSite","@id":"https:\/\/www.spaceworkers.pt\/en\/#website","url":"https:\/\/www.spaceworkers.pt\/en\/","name":"spaceworkers","description":"Spaceworkers\u00ae \u00e9 um atelier de arquitetura e design localizado em Paredes, no norte de Portugal, fundado pelos actuais directores criativos Henrique Marques e Rui Dinis e pela sua directora financeira Carla Duarte.","potentialAction":[{"@type":"SearchAction","target":{"@type":"EntryPoint","urlTemplate":"https:\/\/www.spaceworkers.pt\/en\/?s={search_term_string}"},"query-input":{"@type":"PropertyValueSpecification","valueRequired":true,"valueName":"search_term_string"}}],"inLanguage":"pt-PT"}]}},"year":"17","code":"COH","image":"http:\/\/www.spaceworkers.pt\/wp-content\/uploads\/2023\/01\/Sem-Titulo-9790-Grande-2.jpeg","_links":{"self":[{"href":"http:\/\/www.spaceworkers.pt\/pt\/wp-json\/wp\/v2\/projects\/2643","targetHints":{"allow":["GET"]}}],"collection":[{"href":"http:\/\/www.spaceworkers.pt\/pt\/wp-json\/wp\/v2\/projects"}],"about":[{"href":"http:\/\/www.spaceworkers.pt\/pt\/wp-json\/wp\/v2\/types\/projects"}],"wp:featuredmedia":[{"embeddable":true,"href":"http:\/\/www.spaceworkers.pt\/pt\/wp-json\/wp\/v2\/media\/3127"}],"wp:attachment":[{"href":"http:\/\/www.spaceworkers.pt\/pt\/wp-json\/wp\/v2\/media?parent=2643"}],"curies":[{"name":"wp","href":"https:\/\/api.w.org\/{rel}","templated":true}]}}

<!-- This site is optimized with the Yoast SEO plugin v27.3 - https://yoast.com/product/yoast-seo-wordpress/ -->
<title>Casa do Covelo - Covelo House - spaceworkers</title>
<meta name="description" content="A Casa do Covelo teve por base a reinvenção da habitação nas autênticas ilhas urbanas do Porto. Uma casa geminada única que reflete história." />
<meta name="robots" content="index, follow, max-snippet:-1, max-image-preview:large, max-video-preview:-1" />
<link rel="canonical" href="https://www.spaceworkers.pt/en/projects/casa-do-covelo/" />
<meta property="og:locale" content="pt_PT" />
<meta property="og:type" content="article" />
<meta property="og:title" content="Casa do Covelo - Covelo House - spaceworkers" />
<meta property="og:description" content="A Casa do Covelo teve por base a reinvenção da habitação nas autênticas ilhas urbanas do Porto. Uma casa geminada única que reflete história." />
<meta property="og:url" content="https://www.spaceworkers.pt/en/projects/casa-do-covelo/" />
<meta property="og:site_name" content="spaceworkers" />
<meta property="article:modified_time" content="2025-01-29T11:22:48+00:00" />
<meta property="og:image" content="https://www.spaceworkers.pt/wp-content/uploads/2023/01/Sem-Titulo-9790-Grande-2.jpeg" />
	<meta property="og:image:width" content="1280" />
	<meta property="og:image:height" content="720" />
	<meta property="og:image:type" content="image/jpeg" />
<meta name="twitter:card" content="summary_large_image" />
<meta name="twitter:label1" content="Tempo estimado de leitura" />
	<meta name="twitter:data1" content="1 minuto" />
<script type="application/ld+json" class="yoast-schema-graph">{"@context":"https:\/\/schema.org","@graph":[{"@type":"WebPage","@id":"https:\/\/www.spaceworkers.pt\/en\/projects\/casa-do-covelo\/","url":"https:\/\/www.spaceworkers.pt\/en\/projects\/casa-do-covelo\/","name":"Casa do Covelo - Covelo House - spaceworkers","isPartOf":{"@id":"https:\/\/www.spaceworkers.pt\/en\/#website"},"primaryImageOfPage":{"@id":"https:\/\/www.spaceworkers.pt\/en\/projects\/casa-do-covelo\/#primaryimage"},"image":{"@id":"https:\/\/www.spaceworkers.pt\/en\/projects\/casa-do-covelo\/#primaryimage"},"thumbnailUrl":"http:\/\/www.spaceworkers.pt\/wp-content\/uploads\/2023\/01\/Sem-Titulo-9790-Grande-2.jpeg","datePublished":"2023-01-04T17:04:49+00:00","dateModified":"2025-01-29T11:22:48+00:00","description":"A Casa do Covelo teve por base a reinvenção da habitação nas autênticas ilhas urbanas do Porto. Uma casa geminada única que reflete história.","breadcrumb":{"@id":"https:\/\/www.spaceworkers.pt\/en\/projects\/casa-do-covelo\/#breadcrumb"},"inLanguage":"pt-PT","potentialAction":[{"@type":"ReadAction","target":["https:\/\/www.spaceworkers.pt\/en\/projects\/casa-do-covelo\/"]}]},{"@type":"ImageObject","inLanguage":"pt-PT","@id":"https:\/\/www.spaceworkers.pt\/en\/projects\/casa-do-covelo\/#primaryimage","url":"http:\/\/www.spaceworkers.pt\/wp-content\/uploads\/2023\/01\/Sem-Titulo-9790-Grande-2.jpeg","contentUrl":"http:\/\/www.spaceworkers.pt\/wp-content\/uploads\/2023\/01\/Sem-Titulo-9790-Grande-2.jpeg","width":"1280","height":"720","caption":"Spaceworkers - Casa do Covelo_sala"},{"@type":"BreadcrumbList","@id":"https:\/\/www.spaceworkers.pt\/en\/projects\/casa-do-covelo\/#breadcrumb","itemListElement":[{"@type":"ListItem","position":1,"name":"Home","item":"https:\/\/www.spaceworkers.pt\/en\/"},{"@type":"ListItem","position":2,"name":"Projects","item":"https:\/\/www.spaceworkers.pt\/pt\/projects\/"},{"@type":"ListItem","position":3,"name":"Covelo House"}]},{"@type":"WebSite","@id":"https:\/\/www.spaceworkers.pt\/en\/#website","url":"https:\/\/www.spaceworkers.pt\/en\/","name":"spaceworkers","description":"Spaceworkers® é um atelier de arquitetura e design localizado em Paredes, no norte de Portugal, fundado pelos actuais directores criativos Henrique Marques e Rui Dinis e pela sua directora financeira Carla Duarte.","potentialAction":[{"@type":"SearchAction","target":{"@type":"EntryPoint","urlTemplate":"https:\/\/www.spaceworkers.pt\/en\/?s={search_term_string}"},"query-input":{"@type":"PropertyValueSpecification","valueRequired":true,"valueName":"search_term_string"}}],"inLanguage":"pt-PT"}]}</script>
<!-- / Yoast SEO plugin. -->

A Casa do Covelo teve por base a reinvenção da habitação nas autênticas ilhas urbanas do Porto. Uma casa geminada única que reflete história.

Spaceworkers® é um atelier de arquitetura e design localizado em Paredes, no norte de Portugal, fundado pelos actuais directores criativos Henrique Marques e Rui Dinis e pela sua directora financeira Carla Duarte.
