{"id":2027,"date":"1013-04-05T13:23:21","date_gmt":"1013-04-05T13:23:21","guid":{"rendered":"http:\/\/www.spaceworkers.pt\/?post_type=projects&#038;p=2027"},"modified":"2025-01-28T10:13:35","modified_gmt":"2025-01-28T10:13:35","slug":"baltar-house-rehabilitation","status":"publish","type":"projects","link":"http:\/\/www.spaceworkers.pt\/pt\/projects\/baltar-house-rehabilitation\/","title":{"rendered":"Reabilita\u00e7\u00e3o Casa Baltar"},"featured_media":2035,"template":"","class_list":["post-2027","projects","type-projects","status-publish","has-post-thumbnail","hentry","type-unbuild","type-refurbishment","type-residence"],"yoast_head":"<!-- This site is optimized with the Yoast SEO plugin v27.3 - https:\/\/yoast.com\/product\/yoast-seo-wordpress\/ -->\n<title>Reabilita\u00e7\u00e3o Casa Baltar - spaceworkers<\/title>\n<meta name=\"description\" content=\"Reabilita\u00e7\u00e3o Casa Baltar - Um projeto desenvolvido pela spaceworkers, um premiado est\u00fadio portugu\u00eas de arquitetura e design. Visite-nos\" \/>\n<meta name=\"robots\" content=\"index, follow, max-snippet:-1, max-image-preview:large, max-video-preview:-1\" \/>\n<link rel=\"canonical\" href=\"https:\/\/www.spaceworkers.pt\/en\/projects\/baltar-house-rehabilitation\/\" \/>\n<meta property=\"og:locale\" content=\"pt_PT\" \/>\n<meta property=\"og:type\" content=\"article\" \/>\n<meta property=\"og:title\" content=\"[:pt]Reabilita\u00e7\u00e3o Casa Baltar[:en]Baltar House Rehabilitation[:] - spaceworkers\" \/>\n<meta property=\"og:description\" content=\"Reabilita\u00e7\u00e3o Casa Baltar - Um projeto desenvolvido pela spaceworkers, um premiado est\u00fadio portugu\u00eas de arquitetura e design. Visite-nos\" \/>\n<meta property=\"og:url\" content=\"https:\/\/www.spaceworkers.pt\/en\/projects\/baltar-house-rehabilitation\/\" \/>\n<meta property=\"og:site_name\" content=\"spaceworkers\" \/>\n<meta property=\"article:modified_time\" content=\"2025-01-28T10:13:35+00:00\" \/>\n<meta property=\"og:image\" content=\"https:\/\/www.spaceworkers.pt\/wp-content\/uploads\/2017\/04\/13RCB_CAM4.jpg\" \/>\n\t<meta property=\"og:image:width\" content=\"1960\" \/>\n\t<meta property=\"og:image:height\" content=\"2772\" \/>\n\t<meta property=\"og:image:type\" content=\"image\/jpeg\" \/>\n<meta name=\"twitter:card\" content=\"summary_large_image\" \/>\n<meta name=\"twitter:label1\" content=\"Tempo estimado de leitura\" \/>\n\t<meta name=\"twitter:data1\" content=\"1 minuto\" \/>\n<script type=\"application\/ld+json\" class=\"yoast-schema-graph\">{\"@context\":\"https:\\\/\\\/schema.org\",\"@graph\":[{\"@type\":\"WebPage\",\"@id\":\"https:\\\/\\\/www.spaceworkers.pt\\\/en\\\/projects\\\/baltar-house-rehabilitation\\\/\",\"url\":\"https:\\\/\\\/www.spaceworkers.pt\\\/en\\\/projects\\\/baltar-house-rehabilitation\\\/\",\"name\":\"[:pt]Reabilita\u00e7\u00e3o Casa Baltar[:en]Baltar House Rehabilitation[:] - spaceworkers\",\"isPartOf\":{\"@id\":\"https:\\\/\\\/www.spaceworkers.pt\\\/en\\\/#website\"},\"primaryImageOfPage\":{\"@id\":\"https:\\\/\\\/www.spaceworkers.pt\\\/en\\\/projects\\\/baltar-house-rehabilitation\\\/#primaryimage\"},\"image\":{\"@id\":\"https:\\\/\\\/www.spaceworkers.pt\\\/en\\\/projects\\\/baltar-house-rehabilitation\\\/#primaryimage\"},\"thumbnailUrl\":\"http:\\\/\\\/www.spaceworkers.pt\\\/wp-content\\\/uploads\\\/2017\\\/04\\\/13RCB_CAM4.jpg\",\"datePublished\":\"1013-04-05T13:23:21+00:00\",\"dateModified\":\"2025-01-28T10:13:35+00:00\",\"description\":\"Reabilita\u00e7\u00e3o Casa Baltar - Um projeto desenvolvido pela spaceworkers, um premiado est\u00fadio portugu\u00eas de arquitetura e design. Visite-nos\",\"breadcrumb\":{\"@id\":\"https:\\\/\\\/www.spaceworkers.pt\\\/en\\\/projects\\\/baltar-house-rehabilitation\\\/#breadcrumb\"},\"inLanguage\":\"pt-PT\",\"potentialAction\":[{\"@type\":\"ReadAction\",\"target\":[\"https:\\\/\\\/www.spaceworkers.pt\\\/en\\\/projects\\\/baltar-house-rehabilitation\\\/\"]}]},{\"@type\":\"ImageObject\",\"inLanguage\":\"pt-PT\",\"@id\":\"https:\\\/\\\/www.spaceworkers.pt\\\/en\\\/projects\\\/baltar-house-rehabilitation\\\/#primaryimage\",\"url\":\"http:\\\/\\\/www.spaceworkers.pt\\\/wp-content\\\/uploads\\\/2017\\\/04\\\/13RCB_CAM4.jpg\",\"contentUrl\":\"http:\\\/\\\/www.spaceworkers.pt\\\/wp-content\\\/uploads\\\/2017\\\/04\\\/13RCB_CAM4.jpg\",\"width\":1960,\"height\":2772,\"caption\":\"Spaceworkers - Reabilita\u00e7\u00e3o Casa Baltar\"},{\"@type\":\"BreadcrumbList\",\"@id\":\"https:\\\/\\\/www.spaceworkers.pt\\\/en\\\/projects\\\/baltar-house-rehabilitation\\\/#breadcrumb\",\"itemListElement\":[{\"@type\":\"ListItem\",\"position\":1,\"name\":\"Home\",\"item\":\"https:\\\/\\\/www.spaceworkers.pt\\\/en\\\/\"},{\"@type\":\"ListItem\",\"position\":2,\"name\":\"Projects\",\"item\":\"https:\\\/\\\/www.spaceworkers.pt\\\/pt\\\/projects\\\/\"},{\"@type\":\"ListItem\",\"position\":3,\"name\":\"Baltar House Rehabilitation\"}]},{\"@type\":\"WebSite\",\"@id\":\"https:\\\/\\\/www.spaceworkers.pt\\\/en\\\/#website\",\"url\":\"https:\\\/\\\/www.spaceworkers.pt\\\/en\\\/\",\"name\":\"spaceworkers\",\"description\":\"Spaceworkers\u00ae \u00e9 um atelier de arquitetura e design localizado em Paredes, no norte de Portugal, fundado pelos actuais directores criativos Henrique Marques e Rui Dinis e pela sua directora financeira Carla Duarte.\",\"potentialAction\":[{\"@type\":\"SearchAction\",\"target\":{\"@type\":\"EntryPoint\",\"urlTemplate\":\"https:\\\/\\\/www.spaceworkers.pt\\\/en\\\/?s={search_term_string}\"},\"query-input\":{\"@type\":\"PropertyValueSpecification\",\"valueRequired\":true,\"valueName\":\"search_term_string\"}}],\"inLanguage\":\"pt-PT\"}]}<\/script>\n<!-- \/ Yoast SEO plugin. -->","yoast_head_json":{"title":"[:pt]Reabilita\u00e7\u00e3o Casa Baltar[:en]Baltar House Rehabilitation[:] - spaceworkers","description":"Reabilita\u00e7\u00e3o Casa Baltar - Um projeto desenvolvido pela spaceworkers, um premiado est\u00fadio portugu\u00eas de arquitetura e design. Visite-nos","robots":{"index":"index","follow":"follow","max-snippet":"max-snippet:-1","max-image-preview":"max-image-preview:large","max-video-preview":"max-video-preview:-1"},"canonical":"https:\/\/www.spaceworkers.pt\/en\/projects\/baltar-house-rehabilitation\/","og_locale":"pt_PT","og_type":"article","og_title":"[:pt]Reabilita\u00e7\u00e3o Casa Baltar[:en]Baltar House Rehabilitation[:] - spaceworkers","og_description":"Reabilita\u00e7\u00e3o Casa Baltar - Um projeto desenvolvido pela spaceworkers, um premiado est\u00fadio portugu\u00eas de arquitetura e design. Visite-nos","og_url":"https:\/\/www.spaceworkers.pt\/en\/projects\/baltar-house-rehabilitation\/","og_site_name":"spaceworkers","article_modified_time":"2025-01-28T10:13:35+00:00","og_image":[{"width":1960,"height":2772,"url":"https:\/\/www.spaceworkers.pt\/wp-content\/uploads\/2017\/04\/13RCB_CAM4.jpg","type":"image\/jpeg"}],"twitter_card":"summary_large_image","twitter_misc":{"Tempo estimado de leitura":"1 minuto"},"schema":{"@context":"https:\/\/schema.org","@graph":[{"@type":"WebPage","@id":"https:\/\/www.spaceworkers.pt\/en\/projects\/baltar-house-rehabilitation\/","url":"https:\/\/www.spaceworkers.pt\/en\/projects\/baltar-house-rehabilitation\/","name":"[:pt]Reabilita\u00e7\u00e3o Casa Baltar[:en]Baltar House Rehabilitation[:] - spaceworkers","isPartOf":{"@id":"https:\/\/www.spaceworkers.pt\/en\/#website"},"primaryImageOfPage":{"@id":"https:\/\/www.spaceworkers.pt\/en\/projects\/baltar-house-rehabilitation\/#primaryimage"},"image":{"@id":"https:\/\/www.spaceworkers.pt\/en\/projects\/baltar-house-rehabilitation\/#primaryimage"},"thumbnailUrl":"http:\/\/www.spaceworkers.pt\/wp-content\/uploads\/2017\/04\/13RCB_CAM4.jpg","datePublished":"1013-04-05T13:23:21+00:00","dateModified":"2025-01-28T10:13:35+00:00","description":"Reabilita\u00e7\u00e3o Casa Baltar - Um projeto desenvolvido pela spaceworkers, um premiado est\u00fadio portugu\u00eas de arquitetura e design. Visite-nos","breadcrumb":{"@id":"https:\/\/www.spaceworkers.pt\/en\/projects\/baltar-house-rehabilitation\/#breadcrumb"},"inLanguage":"pt-PT","potentialAction":[{"@type":"ReadAction","target":["https:\/\/www.spaceworkers.pt\/en\/projects\/baltar-house-rehabilitation\/"]}]},{"@type":"ImageObject","inLanguage":"pt-PT","@id":"https:\/\/www.spaceworkers.pt\/en\/projects\/baltar-house-rehabilitation\/#primaryimage","url":"http:\/\/www.spaceworkers.pt\/wp-content\/uploads\/2017\/04\/13RCB_CAM4.jpg","contentUrl":"http:\/\/www.spaceworkers.pt\/wp-content\/uploads\/2017\/04\/13RCB_CAM4.jpg","width":1960,"height":2772,"caption":"Spaceworkers - Reabilita\u00e7\u00e3o Casa Baltar"},{"@type":"BreadcrumbList","@id":"https:\/\/www.spaceworkers.pt\/en\/projects\/baltar-house-rehabilitation\/#breadcrumb","itemListElement":[{"@type":"ListItem","position":1,"name":"Home","item":"https:\/\/www.spaceworkers.pt\/en\/"},{"@type":"ListItem","position":2,"name":"Projects","item":"https:\/\/www.spaceworkers.pt\/pt\/projects\/"},{"@type":"ListItem","position":3,"name":"Baltar House Rehabilitation"}]},{"@type":"WebSite","@id":"https:\/\/www.spaceworkers.pt\/en\/#website","url":"https:\/\/www.spaceworkers.pt\/en\/","name":"spaceworkers","description":"Spaceworkers\u00ae \u00e9 um atelier de arquitetura e design localizado em Paredes, no norte de Portugal, fundado pelos actuais directores criativos Henrique Marques e Rui Dinis e pela sua directora financeira Carla Duarte.","potentialAction":[{"@type":"SearchAction","target":{"@type":"EntryPoint","urlTemplate":"https:\/\/www.spaceworkers.pt\/en\/?s={search_term_string}"},"query-input":{"@type":"PropertyValueSpecification","valueRequired":true,"valueName":"search_term_string"}}],"inLanguage":"pt-PT"}]}},"year":"13","code":"RCB","image":"http:\/\/www.spaceworkers.pt\/wp-content\/uploads\/2017\/04\/13RCB_CAM4.jpg","_links":{"self":[{"href":"http:\/\/www.spaceworkers.pt\/pt\/wp-json\/wp\/v2\/projects\/2027","targetHints":{"allow":["GET"]}}],"collection":[{"href":"http:\/\/www.spaceworkers.pt\/pt\/wp-json\/wp\/v2\/projects"}],"about":[{"href":"http:\/\/www.spaceworkers.pt\/pt\/wp-json\/wp\/v2\/types\/projects"}],"wp:featuredmedia":[{"embeddable":true,"href":"http:\/\/www.spaceworkers.pt\/pt\/wp-json\/wp\/v2\/media\/2035"}],"wp:attachment":[{"href":"http:\/\/www.spaceworkers.pt\/pt\/wp-json\/wp\/v2\/media?parent=2027"}],"curies":[{"name":"wp","href":"https:\/\/api.w.org\/{rel}","templated":true}]}}

Reabilitação Casa Baltar

<!-- This site is optimized with the Yoast SEO plugin v27.3 - https://yoast.com/product/yoast-seo-wordpress/ -->
<title>Reabilitação Casa Baltar - spaceworkers</title>
<meta name="description" content="Reabilitação Casa Baltar - Um projeto desenvolvido pela spaceworkers, um premiado estúdio português de arquitetura e design. Visite-nos" />
<meta name="robots" content="index, follow, max-snippet:-1, max-image-preview:large, max-video-preview:-1" />
<link rel="canonical" href="https://www.spaceworkers.pt/en/projects/baltar-house-rehabilitation/" />
<meta property="og:locale" content="pt_PT" />
<meta property="og:type" content="article" />
<meta property="og:title" content="[:pt]Reabilitação Casa Baltar[:en]Baltar House Rehabilitation[:] - spaceworkers" />
<meta property="og:description" content="Reabilitação Casa Baltar - Um projeto desenvolvido pela spaceworkers, um premiado estúdio português de arquitetura e design. Visite-nos" />
<meta property="og:url" content="https://www.spaceworkers.pt/en/projects/baltar-house-rehabilitation/" />
<meta property="og:site_name" content="spaceworkers" />
<meta property="article:modified_time" content="2025-01-28T10:13:35+00:00" />
<meta property="og:image" content="https://www.spaceworkers.pt/wp-content/uploads/2017/04/13RCB_CAM4.jpg" />
	<meta property="og:image:width" content="1960" />
	<meta property="og:image:height" content="2772" />
	<meta property="og:image:type" content="image/jpeg" />
<meta name="twitter:card" content="summary_large_image" />
<meta name="twitter:label1" content="Tempo estimado de leitura" />
	<meta name="twitter:data1" content="1 minuto" />
<script type="application/ld+json" class="yoast-schema-graph">{"@context":"https:\/\/schema.org","@graph":[{"@type":"WebPage","@id":"https:\/\/www.spaceworkers.pt\/en\/projects\/baltar-house-rehabilitation\/","url":"https:\/\/www.spaceworkers.pt\/en\/projects\/baltar-house-rehabilitation\/","name":"[:pt]Reabilitação Casa Baltar[:en]Baltar House Rehabilitation[:] - spaceworkers","isPartOf":{"@id":"https:\/\/www.spaceworkers.pt\/en\/#website"},"primaryImageOfPage":{"@id":"https:\/\/www.spaceworkers.pt\/en\/projects\/baltar-house-rehabilitation\/#primaryimage"},"image":{"@id":"https:\/\/www.spaceworkers.pt\/en\/projects\/baltar-house-rehabilitation\/#primaryimage"},"thumbnailUrl":"http:\/\/www.spaceworkers.pt\/wp-content\/uploads\/2017\/04\/13RCB_CAM4.jpg","datePublished":"1013-04-05T13:23:21+00:00","dateModified":"2025-01-28T10:13:35+00:00","description":"Reabilitação Casa Baltar - Um projeto desenvolvido pela spaceworkers, um premiado estúdio português de arquitetura e design. Visite-nos","breadcrumb":{"@id":"https:\/\/www.spaceworkers.pt\/en\/projects\/baltar-house-rehabilitation\/#breadcrumb"},"inLanguage":"pt-PT","potentialAction":[{"@type":"ReadAction","target":["https:\/\/www.spaceworkers.pt\/en\/projects\/baltar-house-rehabilitation\/"]}]},{"@type":"ImageObject","inLanguage":"pt-PT","@id":"https:\/\/www.spaceworkers.pt\/en\/projects\/baltar-house-rehabilitation\/#primaryimage","url":"http:\/\/www.spaceworkers.pt\/wp-content\/uploads\/2017\/04\/13RCB_CAM4.jpg","contentUrl":"http:\/\/www.spaceworkers.pt\/wp-content\/uploads\/2017\/04\/13RCB_CAM4.jpg","width":1960,"height":2772,"caption":"Spaceworkers - Reabilitação Casa Baltar"},{"@type":"BreadcrumbList","@id":"https:\/\/www.spaceworkers.pt\/en\/projects\/baltar-house-rehabilitation\/#breadcrumb","itemListElement":[{"@type":"ListItem","position":1,"name":"Home","item":"https:\/\/www.spaceworkers.pt\/en\/"},{"@type":"ListItem","position":2,"name":"Projects","item":"https:\/\/www.spaceworkers.pt\/pt\/projects\/"},{"@type":"ListItem","position":3,"name":"Baltar House Rehabilitation"}]},{"@type":"WebSite","@id":"https:\/\/www.spaceworkers.pt\/en\/#website","url":"https:\/\/www.spaceworkers.pt\/en\/","name":"spaceworkers","description":"Spaceworkers® é um atelier de arquitetura e design localizado em Paredes, no norte de Portugal, fundado pelos actuais directores criativos Henrique Marques e Rui Dinis e pela sua directora financeira Carla Duarte.","potentialAction":[{"@type":"SearchAction","target":{"@type":"EntryPoint","urlTemplate":"https:\/\/www.spaceworkers.pt\/en\/?s={search_term_string}"},"query-input":{"@type":"PropertyValueSpecification","valueRequired":true,"valueName":"search_term_string"}}],"inLanguage":"pt-PT"}]}</script>
<!-- / Yoast SEO plugin. -->

[:pt]Reabilitação Casa Baltar[:en]Baltar House Rehabilitation[:] - spaceworkers

Reabilitação Casa Baltar - Um projeto desenvolvido pela spaceworkers, um premiado estúdio português de arquitetura e design. Visite-nos

Spaceworkers - Reabilitação Casa Baltar

Spaceworkers® é um atelier de arquitetura e design localizado em Paredes, no norte de Portugal, fundado pelos actuais directores criativos Henrique Marques e Rui Dinis e pela sua directora financeira Carla Duarte.
